{"id":1436,"date":"2023-09-17T12:34:02","date_gmt":"2023-09-17T12:34:02","guid":{"rendered":"https:\/\/mireillebrigaudiot.info\/?page_id=1436"},"modified":"2023-09-17T12:39:33","modified_gmt":"2023-09-17T12:39:33","slug":"carnet-de-progres","status":"publish","type":"page","link":"https:\/\/mireillebrigaudiot.info\/index.php\/carnet-de-progres\/","title":{"rendered":"Carnet de progr\u00e8s"},"content":{"rendered":"\n<figure class=\"wp-block-image size-large\"><img decoding=\"async\" loading=\"lazy\" width=\"810\" height=\"810\" src=\"https:\/\/mireillebrigaudiot.info\/wp-content\/uploads\/2023\/09\/315bis-cest-Charles-edited.jpg\" alt=\"\" class=\"wp-image-1440\" srcset=\"https:\/\/mireillebrigaudiot.info\/wp-content\/uploads\/2023\/09\/315bis-cest-Charles-edited.jpg 810w, https:\/\/mireillebrigaudiot.info\/wp-content\/uploads\/2023\/09\/315bis-cest-Charles-edited-300x300.jpg 300w, https:\/\/mireillebrigaudiot.info\/wp-content\/uploads\/2023\/09\/315bis-cest-Charles-edited-150x150.jpg 150w, https:\/\/mireillebrigaudiot.info\/wp-content\/uploads\/2023\/09\/315bis-cest-Charles-edited-768x768.jpg 768w\" sizes=\"(max-width: 810px) 100vw, 810px\" \/><\/figure>\n\n\n\n<p><br>Le carnet de progr\u00e8s du journal de Charles se poursuit. Charles vient d\u2019entrer en CE1. Le suivi de ses progr\u00e8s en langage, pas \u00e0 pas, a pour but de vous aider \u00e0 mieux comprendre ce qu\u2019est le d\u00e9veloppement d\u2019un enfant (acquisitions) par rapport aux objectifs du Programme de l\u2019\u00e9cole maternelle (apprentissages en milieu scolaire). Pour chaque exemple, j\u2019interpr\u00e8te ses comportements en terme de progr\u00e8s, ou parfois de reculs mais c\u2019est toujours provisoire.<\/p>\n\n\n\n<p>Pour suivre de 0 \u00e0 2 ans <a href=\"https:\/\/mireillebrigaudiot.info\/index.php\/mots-cles\/formation\/initiale\/\" data-type=\"page\" data-id=\"229\">cliquez ici<\/a>.<br>Pour suivre de 2 \u00e0 3 ans <a href=\"https:\/\/mireillebrigaudiot.info\/index.php\/mots-cles\/formation\/un-carnet-de-progres-de-2-a-4-ans\/\" data-type=\"page\" data-id=\"500\">cliquez ici<\/a>.<br>Pour suivre de 3 \u00e0 4 ans <a href=\"https:\/\/mireillebrigaudiot.info\/index.php\/mots-cles\/formation\/un-carnet-de-progres-de-3-a-4-ans\/\" data-type=\"page\" data-id=\"606\">cliquez ici<\/a>.<br>Pour suivre de 4 \u00e0 5 ans <a href=\"https:\/\/mireillebrigaudiot.info\/index.php\/mots-cles\/formation\/un-carnet-de-progres-de-4-a-5-ans\/\" data-type=\"page\" data-id=\"756\">cliquez ici<\/a>.<br>Pour suivre de 5 \u00e0 6 ans <a href=\"https:\/\/mireillebrigaudiot.info\/index.php\/mots-cles\/formation\/un-carnet-de-progres-de-5-a-6-ans\/\" data-type=\"page\" data-id=\"947\">cliquez ici<\/a>.<br>Pour suivre de 6 \u00e0 7 ans <a href=\"https:\/\/mireillebrigaudiot.info\/index.php\/un-carnet-de-progres-de-6-a-7-ans\/\" data-type=\"page\" data-id=\"1163\">cliquez ici<\/a>.<br>Pour suivre de 7 \u00e0 8 ans <a href=\"https:\/\/mireillebrigaudiot.info\/index.php\/un-carnet-de-progres-de-7-a-8-ans\/\" data-type=\"page\" data-id=\"1374\">cliquez ici<\/a>.<\/p>\n","protected":false},"excerpt":{"rendered":"<p>Le carnet de progr\u00e8s du journal de Charles se poursuit. Charles vient d\u2019entrer en CE1. Le suivi de ses progr\u00e8s en langage, pas \u00e0 pas, a pour but de vous aider \u00e0 mieux comprendre ce qu\u2019est le d\u00e9veloppement d\u2019un enfant (acquisitions) par rapport aux objectifs du Programme de l\u2019\u00e9cole maternelle (apprentissages en milieu scolaire). Pour &hellip; <a href=\"https:\/\/mireillebrigaudiot.info\/index.php\/carnet-de-progres\/\" class=\"more-link\">Continuer la lecture de <span class=\"screen-reader-text\">Carnet de progr\u00e8s<\/span><\/a><\/p>\n","protected":false},"author":1,"featured_media":0,"parent":0,"menu_order":0,"comment_status":"closed","ping_status":"closed","template":"","meta":[],"_links":{"self":[{"href":"https:\/\/mireillebrigaudiot.info\/index.php\/wp-json\/wp\/v2\/pages\/1436"}],"collection":[{"href":"https:\/\/mireillebrigaudiot.info\/index.php\/wp-json\/wp\/v2\/pages"}],"about":[{"href":"https:\/\/mireillebrigaudiot.info\/index.php\/wp-json\/wp\/v2\/types\/page"}],"author":[{"embeddable":true,"href":"https:\/\/mireillebrigaudiot.info\/index.php\/wp-json\/wp\/v2\/users\/1"}],"replies":[{"embeddable":true,"href":"https:\/\/mireillebrigaudiot.info\/index.php\/wp-json\/wp\/v2\/comments?post=1436"}],"version-history":[{"count":4,"href":"https:\/\/mireillebrigaudiot.info\/index.php\/wp-json\/wp\/v2\/pages\/1436\/revisions"}],"predecessor-version":[{"id":1442,"href":"https:\/\/mireillebrigaudiot.info\/index.php\/wp-json\/wp\/v2\/pages\/1436\/revisions\/1442"}],"wp:attachment":[{"href":"https:\/\/mireillebrigaudiot.info\/index.php\/wp-json\/wp\/v2\/media?parent=1436"}],"curies":[{"name":"wp","href":"https:\/\/api.w.org\/{rel}","templated":true}]}}