{"id":1471,"date":"2023-09-17T13:09:25","date_gmt":"2023-09-17T13:09:25","guid":{"rendered":"https:\/\/mireillebrigaudiot.info\/?page_id=1471"},"modified":"2023-12-13T17:57:49","modified_gmt":"2023-12-13T17:57:49","slug":"specificites-de-lenseignement","status":"publish","type":"page","link":"https:\/\/mireillebrigaudiot.info\/index.php\/specificites-de-lenseignement\/","title":{"rendered":"Enseignement"},"content":{"rendered":"\n<p><\/p>\n\n\n\n<figure class=\"wp-block-image size-full is-resized\"><img decoding=\"async\" loading=\"lazy\" src=\"https:\/\/mireillebrigaudiot.info\/wp-content\/uploads\/2023\/09\/pexels-photo-8613082.jpeg\" alt=\"\" class=\"wp-image-1507\" width=\"450\" height=\"675\" srcset=\"https:\/\/mireillebrigaudiot.info\/wp-content\/uploads\/2023\/09\/pexels-photo-8613082.jpeg 600w, https:\/\/mireillebrigaudiot.info\/wp-content\/uploads\/2023\/09\/pexels-photo-8613082-200x300.jpeg 200w\" sizes=\"(max-width: 450px) 100vw, 450px\" \/><\/figure>\n\n\n\n<p><br>Les 3 entr\u00e9es, par niveau, pour cet onglet centr\u00e9 sur l&rsquo;enseignement en maternelle, sont:<br>&#8211;<strong><mark style=\"background-color:rgba(0, 0, 0, 0)\" class=\"has-inline-color has-medium-pink-color\">Rentr\u00e9e<\/mark><\/strong>: On trouvera ici du travail \u00e0 mener <strong>avant<\/strong> la rentr\u00e9e, <strong>pendant<\/strong> les premi\u00e8res semaines de rentr\u00e9e, et parfois plus longtemps en fonction de l&rsquo;\u00e2ge des enfants.<\/p>\n\n\n\n<p>&#8211;<strong><mark style=\"background-color:rgba(0, 0, 0, 0)\" class=\"has-inline-color has-medium-pink-color\">Vigilances<\/mark><\/strong>: J\u2019appelle <strong>vigilance une situation de classe<\/strong> qui <strong>vous g\u00eane<\/strong> ou <strong>vous inqui\u00e8te<\/strong> parce qu\u2019elle concerne le groupe-classe, ou un des enfants, ou tout autre \u00e9v\u00e8nement. Et compte tenu de la caract\u00e9ristique de la classe, de l\u2019\u00e2ge des enfants, de leurs milieux de vie, et de la connaissance des enfants que vous avez d\u00e9j\u00e0 en tant que ma\u00eetresse, il vous faut agir, faute de quoi, la situation peut s\u2019aggraver.&nbsp;<\/p>\n\n\n\n<p>&#8211;<mark style=\"background-color:rgba(0, 0, 0, 0)\" class=\"has-inline-color has-medium-pink-color\"><strong>Ev\u00e8nements<\/strong><\/mark>: J&rsquo;appelle \u00e9v\u00e8nement un moment de classe pens\u00e9 et pr\u00e9par\u00e9 par l&rsquo;enseignant de mani\u00e8re \u00e0 le <strong>pr\u00e9senter au collectif d&rsquo;\u00e9l\u00e8ves<\/strong>, avec \u00ab\u00a0c\u00e9r\u00e9monie\u00a0\u00bb. Les enfants doivent comprendre qu&rsquo;<strong>il se passe quelque chose d&rsquo;important<\/strong>, pas comme d&rsquo;habitude, et ils sont concentr\u00e9s. Il ne faut pas en abuser car la fr\u00e9quence supprimerait l&rsquo;int\u00e9r\u00eat de l&rsquo;\u00e9v\u00e9nement. Ce peut \u00eatre un anniversaire, l&rsquo;annonce d&rsquo;une sortie, l&rsquo;annonce d&rsquo;un projet, ou un exploit d&rsquo;enfant dont l&rsquo;enseignant pense que c&rsquo;est bon pour l&rsquo;auteur de le pr\u00e9senter publiquement.<\/p>\n\n\n\n<p>En TPS &gt; <a href=\"http:\/\/mireillebrigaudiot.info\/index.php\/tps-rentree\/\" data-type=\"page\" data-id=\"1642\">Rentr\u00e9e<\/a><br>En TPS &gt; <a href=\"http:\/\/mireillebrigaudiot.info\/index.php\/tps-vigilances\/\" data-type=\"page\" data-id=\"1644\">Vigilances<\/a><br>En TPS &gt; <a href=\"http:\/\/mireillebrigaudiot.info\/index.php\/tps-evenements\/\" data-type=\"page\" data-id=\"1646\">\u00c9v\u00e8nements <\/a><br><br>En PS &gt; <a href=\"http:\/\/mireillebrigaudiot.info\/index.php\/ps-rentree\/\" data-type=\"page\" data-id=\"1648\">Rentr\u00e9e<\/a><br>En PS &gt; <a href=\"http:\/\/mireillebrigaudiot.info\/index.php\/ps-vigilances\/\" data-type=\"page\" data-id=\"1650\">Vigilances<\/a><br>En PS &gt; <a href=\"http:\/\/mireillebrigaudiot.info\/index.php\/ps-evenements\/\" data-type=\"page\" data-id=\"1652\">\u00c9v\u00e8nements <\/a><br><br>En MS &gt; <a href=\"http:\/\/mireillebrigaudiot.info\/index.php\/ms-rentree\/\" data-type=\"page\" data-id=\"1654\">Rentr\u00e9e<\/a><br>En MS &gt; <a href=\"http:\/\/mireillebrigaudiot.info\/index.php\/ms-vigilances\/\" data-type=\"page\" data-id=\"1656\">Vigilances<\/a><br>En MS &gt; <a href=\"http:\/\/mireillebrigaudiot.info\/index.php\/ms-evenements\/\" data-type=\"page\" data-id=\"1658\">\u00c9v\u00e8nements <\/a><br><br>En GS &gt; <a href=\"http:\/\/mireillebrigaudiot.info\/index.php\/gs-rentree\/\" data-type=\"page\" data-id=\"1660\">Rentr\u00e9e<\/a><br>En GS &gt; <a href=\"http:\/\/mireillebrigaudiot.info\/index.php\/gs-vigilances\/\" data-type=\"page\" data-id=\"1662\">Vigilances<\/a><br>En GS &gt; <a href=\"http:\/\/mireillebrigaudiot.info\/index.php\/gs-evenements\/\" data-type=\"page\" data-id=\"1664\">\u00c9v\u00e8nements<\/a> <br><\/p>\n","protected":false},"excerpt":{"rendered":"<p>Les 3 entr\u00e9es, par niveau, pour cet onglet centr\u00e9 sur l&rsquo;enseignement en maternelle, sont:&#8211;Rentr\u00e9e: On trouvera ici du travail \u00e0 mener avant la rentr\u00e9e, pendant les premi\u00e8res semaines de rentr\u00e9e, et parfois plus longtemps en fonction de l&rsquo;\u00e2ge des enfants. &#8211;Vigilances: J\u2019appelle vigilance une situation de classe qui vous g\u00eane ou vous inqui\u00e8te parce qu\u2019elle &hellip; <a href=\"https:\/\/mireillebrigaudiot.info\/index.php\/specificites-de-lenseignement\/\" class=\"more-link\">Continuer la lecture de <span class=\"screen-reader-text\">Enseignement<\/span><\/a><\/p>\n","protected":false},"author":1,"featured_media":0,"parent":0,"menu_order":0,"comment_status":"closed","ping_status":"closed","template":"","meta":[],"_links":{"self":[{"href":"https:\/\/mireillebrigaudiot.info\/index.php\/wp-json\/wp\/v2\/pages\/1471"}],"collection":[{"href":"https:\/\/mireillebrigaudiot.info\/index.php\/wp-json\/wp\/v2\/pages"}],"about":[{"href":"https:\/\/mireillebrigaudiot.info\/index.php\/wp-json\/wp\/v2\/types\/page"}],"author":[{"embeddable":true,"href":"https:\/\/mireillebrigaudiot.info\/index.php\/wp-json\/wp\/v2\/users\/1"}],"replies":[{"embeddable":true,"href":"https:\/\/mireillebrigaudiot.info\/index.php\/wp-json\/wp\/v2\/comments?post=1471"}],"version-history":[{"count":15,"href":"https:\/\/mireillebrigaudiot.info\/index.php\/wp-json\/wp\/v2\/pages\/1471\/revisions"}],"predecessor-version":[{"id":2074,"href":"https:\/\/mireillebrigaudiot.info\/index.php\/wp-json\/wp\/v2\/pages\/1471\/revisions\/2074"}],"wp:attachment":[{"href":"https:\/\/mireillebrigaudiot.info\/index.php\/wp-json\/wp\/v2\/media?parent=1471"}],"curies":[{"name":"wp","href":"https:\/\/api.w.org\/{rel}","templated":true}]}}