{"id":1627,"date":"2023-10-14T11:19:43","date_gmt":"2023-10-14T11:19:43","guid":{"rendered":"http:\/\/mireillebrigaudiot.info\/?page_id=1627"},"modified":"2024-05-22T15:27:13","modified_gmt":"2024-05-22T15:27:13","slug":"chapitre-6-mai-juin","status":"publish","type":"page","link":"https:\/\/mireillebrigaudiot.info\/index.php\/chapitre-6-mai-juin\/","title":{"rendered":"Chapitre 6 &#8211; mai \/ juin"},"content":{"rendered":"\n<h2 class=\"wp-block-heading\">Suivi de la classe au 12 mai 2024<\/h2>\n\n\n\n<p>Message de M qui me disait que les enfants parlaient beaucoup. Je lui ai demand\u00e9: mais de quoi parlent-ils? Voici sa r\u00e9ponse.<br><br><em>En motricit\u00e9, j\u2019ai observ\u00e9 MAD, il parlait tout seul et \u00e9tait accroupi devant une table alors que les autres \u00e9voluaient sur le parcours. Je lui ai demand\u00e9 ce qu\u2019il faisait l\u00e0: il m\u2019a r\u00e9pondu qu\u2019il \u00e9tait policier, qu\u2019il avait mis quelqu\u2019un en prison (sous la table). Je lui ai demand\u00e9 ce qu\u2019avait fait ce bandit pour \u00eatre mis en prison. Il a r\u00e9pondu \u00ab&nbsp;il a vol\u00e9 le collier de mamie\u00a0\u00bb&nbsp;<\/em>.<\/p>\n\n\n\n<p><em>ME nomme toutes les parties de son corps distinctement. Elle prononce de petites phrases comme \u00ab&nbsp;c\u2019est d\u00e9licieux&nbsp;\u00bb, \u00ab&nbsp;c\u2019est papa&nbsp;\u00bb. Elle continue \u00e0 produire un parler b\u00e9b\u00e9 ou un langage incompr\u00e9hensible lorsqu\u2019il s\u2019agit d\u2019\u00e9nonc\u00e9s plus longs.&nbsp;<\/em><\/p>\n\n\n\n<p><em>M0 parlait de son ombre dans la cour \u00e0 ALI. C\u2019\u00e9tait dr\u00f4le parce qu\u2019il comprenait que c\u2019\u00e9tait lui sans \u00eatre lui. J\u2019ai pris la photo apr\u00e8s coup, pour m\u2019en souvenir.<\/em> <\/p>\n\n\n\n<figure class=\"wp-block-image size-large\"><img decoding=\"async\" loading=\"lazy\" width=\"1024\" height=\"1024\" src=\"http:\/\/mireillebrigaudiot.info\/wp-content\/uploads\/2024\/05\/unnamed-1024x1024.jpg\" alt=\"\" class=\"wp-image-2477\" srcset=\"https:\/\/mireillebrigaudiot.info\/wp-content\/uploads\/2024\/05\/unnamed-1024x1024.jpg 1024w, https:\/\/mireillebrigaudiot.info\/wp-content\/uploads\/2024\/05\/unnamed-300x300.jpg 300w, https:\/\/mireillebrigaudiot.info\/wp-content\/uploads\/2024\/05\/unnamed-150x150.jpg 150w, https:\/\/mireillebrigaudiot.info\/wp-content\/uploads\/2024\/05\/unnamed-768x768.jpg 768w, https:\/\/mireillebrigaudiot.info\/wp-content\/uploads\/2024\/05\/unnamed-1536x1536.jpg 1536w, https:\/\/mireillebrigaudiot.info\/wp-content\/uploads\/2024\/05\/unnamed.jpg 1901w\" sizes=\"(max-width: 1024px) 100vw, 1024px\" \/><\/figure>\n\n\n\n<p><br><em>SI et AL parlent de plus en plus.&nbsp;<\/em><\/p>\n\n\n\n<p><em>Le directeur a pris ma classe pendant un moment mardi: j&rsquo;\u00e9tais en atelier \u00ab\u00a0Aujourd\u2019hui&nbsp;on joue\u00a0\u00bb avec les mamans. Il a \u00e9t\u00e9 surpris que tous les enfants pr\u00e9sents soient en langage (sauf MI et YO). On dirait des petits &nbsp;bourgeons qui  s\u2019ouvrent les uns apr\u00e8s les autres : c\u2019est tr\u00e8s beau car lorsqu\u2019ils se mettent \u00e0 parler, <strong>on commence vraiment \u00e0 conna\u00eetre chaque enfant, leurs go\u00fbts, leurs envies, leur personnalit\u00e9<\/strong>. Je sais que SI parle beaucoup de maquillage, que MOB me remercie d\u00e8s qu\u2019il voit un nouveau&nbsp;jeu, il est enthousiaste et reconnaissant. Je sais que MO aime les activit\u00e9s de motricit\u00e9 fine qui sont salissantes parce que sa m\u00e8re n\u2019en propose plus \u00e0 la maison (pour les ain\u00e9s oui m\u2019a-t-elle dit, mais plus maintenant!), KAT veut \u00e9crire, KA aime les livres et ses parents lui manquent\u2026.<\/em><\/p>\n\n\n\n<p><em>KLO a fait des jeux avec les photos, il commence \u00e0 associer une photo \u00e0 chaque camarade et \u00e0 reconnaitre sa photo.<\/em><\/p>\n\n\n\n<p><em>Les enfants s\u2019int\u00e9ressent aux couleurs, ils les nomment et les montrent.<\/em><\/p>\n\n\n\n<p><em>Il n\u2019y a plus de conflits, les enfants savent attendre leur tour, ils savent \u00eatre les uns avec les autres. Les r\u00e9cr\u00e9ations sont tranquilles. ils sont grands.<\/em><br>&#8212;&#8212;&#8212;&#8212;&#8212;&#8212;&#8212;&#8212;&#8212;&#8212;&#8212;&#8212;&#8212;&#8212;&#8212;&#8212;&#8212;&#8212;&#8212;&#8212;&#8212;&#8212;&#8212;&#8212;&#8212;&#8212;&#8212;&#8212;&#8212;&#8212;&#8212;<\/p>\n\n\n\n<p>J&rsquo;avoue que je n&rsquo;ai jamais rencontr\u00e9 d&rsquo;enseignant qui s&rsquo;int\u00e9resse autant aux personnalit\u00e9s de chaque enfant. J&rsquo;adresse un immense Bravo \u00e0 M qui a r\u00e9ussi un exploit impressionnant: constituer un vrai groupe-classe (les enfants se connaissent et sont attentionn\u00e9s les uns aux autres) tout en respectant leurs envies et besoins (on se souvient de la d\u00e9signation du responsable des livres en mars).  C&rsquo;est le signe du grand professionnalisme de M.<\/p>\n\n\n\n<p><br><strong><mark style=\"background-color:rgba(0, 0, 0, 0)\" class=\"has-inline-color has-medium-pink-color\">Mais si \u00e7a pouvait aider d&rsquo;autres enseignants en REP +, que pourrait-on leur dire?<\/mark><\/strong><br>&#8211; que le d\u00e9marrage du langage met en jeu une sorte de conscience d&rsquo;\u00eatre un sujet chez chaque enfant qui, du coup, trouve sa place dans la classe \u00e0 l&rsquo;\u00e9cole?<br>&#8211; que l&rsquo;accompagnement de M par une personne ext\u00e9rieure a soulign\u00e9 l&rsquo;int\u00e9r\u00eat d&rsquo;une connaissance fine de chaque enfant (notamment \u00e0 travers les tableaux r\u00e9capitulatifs langage &#8211; jeux-comportement social)?<br>&#8211; que les relations avec les familles qui se sont construites peu \u00e0 peu ont cr\u00e9\u00e9 une telle confiance que les retomb\u00e9es positives sur les enfants sont maintenant \u00e9videntes?<br>&#8211; que le printemps est la saison de l&rsquo;\u00e9closion des bourgeons?&#8230;<br>Ou bien tout \u00e7a \u00e0 la fois, et bien d&rsquo;autres facteurs&#8230;<br>&#8212;&#8212;&#8212;&#8212;&#8212;&#8212;&#8212;&#8212;&#8212;&#8212;&#8212;&#8212;&#8212;&#8212;&#8212;&#8212;&#8212;&#8212;&#8212;&#8212;&#8212;&#8212;&#8212;&#8212;&#8212;&#8212;&#8212;&#8212;&#8212;&#8212;&#8212;&#8212;&#8212;&#8212;&#8212;&#8212;&#8212;&#8212;&#8212;&#8211;<br><strong>Message de M du 22 Mai<\/strong><\/p>\n\n\n\n<p>M \u00e9crit: <br>\u00ab\u00a0<em>Ev\u00e8nement: NA \u00e9tait l\u00e0! Elle a ri et manifest\u00e9 beaucoup d&rsquo;enthousiasme. Elle a parl\u00e9, \u00ab\u00a0maman\u00a0\u00bb, \u00ab\u00a0papa\u00a0\u00bb,\u00a0\u00bbpain\u00a0\u00bb quand elle a pris la marotte pour lui donner \u00e0 manger de la p\u00e2te \u00e0 modeler. Et elle a dit \u00ab\u00a0allez\u00a0\u00bb en caressant les marottes<\/em>\u00ab\u00a0.<br><br>Il faut se souvenir que NA comptait parmi les enfants prioritaires lors du chapitre 5, en mars. L&rsquo;enseignante s&rsquo;inqui\u00e9tait et j&rsquo;avais expliqu\u00e9 pourquoi je n&rsquo;avais pas de souci. <br>On a ici \u00ab\u00a0en live\u00a0\u00bb le fait que lorsqu&rsquo;un enfant montre -m\u00eame a minima- qu&rsquo;il est \u00ab\u00a0habit\u00e9\u00a0\u00bb par le langage, alors c&rsquo;est s\u00fbr, on peut l&rsquo;aider pour d\u00e9marrer. Il faut du temps, de la patience, de la confiance. Et les jeux symboliques sont magiques. Bravo ma\u00eetresse!<\/p>\n\n\n\n<figure class=\"wp-block-image size-large\"><img decoding=\"async\" loading=\"lazy\" width=\"819\" height=\"1024\" src=\"http:\/\/mireillebrigaudiot.info\/wp-content\/uploads\/2024\/05\/Design-sans-titre-43-819x1024.png\" alt=\"\" class=\"wp-image-2482\" srcset=\"https:\/\/mireillebrigaudiot.info\/wp-content\/uploads\/2024\/05\/Design-sans-titre-43-819x1024.png 819w, https:\/\/mireillebrigaudiot.info\/wp-content\/uploads\/2024\/05\/Design-sans-titre-43-240x300.png 240w, https:\/\/mireillebrigaudiot.info\/wp-content\/uploads\/2024\/05\/Design-sans-titre-43-768x960.png 768w, https:\/\/mireillebrigaudiot.info\/wp-content\/uploads\/2024\/05\/Design-sans-titre-43.png 1080w\" sizes=\"(max-width: 819px) 100vw, 819px\" \/><\/figure>\n\n\n\n<p>NA donne \u00e0 manger au chien-marotte de la classe.<\/p>\n\n\n\n<p>&#8212;&#8212;&#8212;&#8212;&#8212;&#8212;&#8212;&#8212;&#8212;&#8212;&#8212;&#8212;&#8212;&#8212;&#8212;&#8212;&#8212;&#8212;&#8212;&#8212;&#8212;&#8212;&#8212;&#8212;&#8212;&#8212;&#8212;&#8212;&#8212;&#8212;&#8212;&#8212;&#8212;&#8212;&#8212;&#8212;&#8212;&#8212;&#8212;&#8212;&#8212;&#8211;<\/p>\n\n\n\n<p>ccc<\/p>\n","protected":false},"excerpt":{"rendered":"<p>Suivi de la classe au 12 mai 2024 Message de M qui me disait que les enfants parlaient beaucoup. Je lui ai demand\u00e9: mais de quoi parlent-ils? Voici sa r\u00e9ponse. En motricit\u00e9, j\u2019ai observ\u00e9 MAD, il parlait tout seul et \u00e9tait accroupi devant une table alors que les autres \u00e9voluaient sur le parcours. Je lui &hellip; <a href=\"https:\/\/mireillebrigaudiot.info\/index.php\/chapitre-6-mai-juin\/\" class=\"more-link\">Continuer la lecture de <span class=\"screen-reader-text\">Chapitre 6 &#8211; mai \/ juin<\/span><\/a><\/p>\n","protected":false},"author":1,"featured_media":0,"parent":0,"menu_order":0,"comment_status":"closed","ping_status":"closed","template":"","meta":[],"_links":{"self":[{"href":"https:\/\/mireillebrigaudiot.info\/index.php\/wp-json\/wp\/v2\/pages\/1627"}],"collection":[{"href":"https:\/\/mireillebrigaudiot.info\/index.php\/wp-json\/wp\/v2\/pages"}],"about":[{"href":"https:\/\/mireillebrigaudiot.info\/index.php\/wp-json\/wp\/v2\/types\/page"}],"author":[{"embeddable":true,"href":"https:\/\/mireillebrigaudiot.info\/index.php\/wp-json\/wp\/v2\/users\/1"}],"replies":[{"embeddable":true,"href":"https:\/\/mireillebrigaudiot.info\/index.php\/wp-json\/wp\/v2\/comments?post=1627"}],"version-history":[{"count":6,"href":"https:\/\/mireillebrigaudiot.info\/index.php\/wp-json\/wp\/v2\/pages\/1627\/revisions"}],"predecessor-version":[{"id":2484,"href":"https:\/\/mireillebrigaudiot.info\/index.php\/wp-json\/wp\/v2\/pages\/1627\/revisions\/2484"}],"wp:attachment":[{"href":"https:\/\/mireillebrigaudiot.info\/index.php\/wp-json\/wp\/v2\/media?parent=1627"}],"curies":[{"name":"wp","href":"https:\/\/api.w.org\/{rel}","templated":true}]}}

<h2 class="wp-block-heading">Suivi de la classe au 12 mai 2024</h2>



<p>Message de M qui me disait que les enfants parlaient beaucoup. Je lui ai demandé: mais de quoi parlent-ils? Voici sa réponse.<br><br><em>En motricité, j’ai observé MAD, il parlait tout seul et était accroupi devant une table alors que les autres évoluaient sur le parcours. Je lui ai demandé ce qu’il faisait là: il m’a répondu qu’il était policier, qu’il avait mis quelqu’un en prison (sous la table). Je lui ai demandé ce qu’avait fait ce bandit pour être mis en prison. Il a répondu «&nbsp;il a volé le collier de mamie »&nbsp;</em>.</p>



<p><em>ME nomme toutes les parties de son corps distinctement. Elle prononce de petites phrases comme «&nbsp;c’est délicieux&nbsp;», «&nbsp;c’est papa&nbsp;». Elle continue à produire un parler bébé ou un langage incompréhensible lorsqu’il s’agit d’énoncés plus longs.&nbsp;</em></p>



<p><em>M0 parlait de son ombre dans la cour à ALI. C’était drôle parce qu’il comprenait que c’était lui sans être lui. J’ai pris la photo après coup, pour m’en souvenir.</em> </p>



<figure class="wp-block-image size-large"><img decoding="async" loading="lazy" width="1024" height="1024" src="http://mireillebrigaudiot.info/wp-content/uploads/2024/05/unnamed-1024x1024.jpg" alt="" class="wp-image-2477" srcset="https://mireillebrigaudiot.info/wp-content/uploads/2024/05/unnamed-1024x1024.jpg 1024w, https://mireillebrigaudiot.info/wp-content/uploads/2024/05/unnamed-300x300.jpg 300w, https://mireillebrigaudiot.info/wp-content/uploads/2024/05/unnamed-150x150.jpg 150w, https://mireillebrigaudiot.info/wp-content/uploads/2024/05/unnamed-768x768.jpg 768w, https://mireillebrigaudiot.info/wp-content/uploads/2024/05/unnamed-1536x1536.jpg 1536w, https://mireillebrigaudiot.info/wp-content/uploads/2024/05/unnamed.jpg 1901w" sizes="(max-width: 1024px) 100vw, 1024px" /></figure>



<p><br><em>SI et AL parlent de plus en plus.&nbsp;</em></p>



<p><em>Le directeur a pris ma classe pendant un moment mardi: j&rsquo;étais en atelier « Aujourd’hui&nbsp;on joue » avec les mamans. Il a été surpris que tous les enfants présents soient en langage (sauf MI et YO). On dirait des petits &nbsp;bourgeons qui  s’ouvrent les uns après les autres : c’est très beau car lorsqu’ils se mettent à parler, <strong>on commence vraiment à connaître chaque enfant, leurs goûts, leurs envies, leur personnalité</strong>. Je sais que SI parle beaucoup de maquillage, que MOB me remercie dès qu’il voit un nouveau&nbsp;jeu, il est enthousiaste et reconnaissant. Je sais que MO aime les activités de motricité fine qui sont salissantes parce que sa mère n’en propose plus à la maison (pour les ainés oui m’a-t-elle dit, mais plus maintenant!), KAT veut écrire, KA aime les livres et ses parents lui manquent….</em></p>



<p><em>KLO a fait des jeux avec les photos, il commence à associer une photo à chaque camarade et à reconnaitre sa photo.</em></p>



<p><em>Les enfants s’intéressent aux couleurs, ils les nomment et les montrent.</em></p>



<p><em>Il n’y a plus de conflits, les enfants savent attendre leur tour, ils savent être les uns avec les autres. Les récréations sont tranquilles. ils sont grands.</em><br>&#8212;&#8212;&#8212;&#8212;&#8212;&#8212;&#8212;&#8212;&#8212;&#8212;&#8212;&#8212;&#8212;&#8212;&#8212;&#8212;&#8212;&#8212;&#8212;&#8212;&#8212;&#8212;&#8212;&#8212;&#8212;&#8212;&#8212;&#8212;&#8212;&#8212;&#8212;</p>



<p>J&rsquo;avoue que je n&rsquo;ai jamais rencontré d&rsquo;enseignant qui s&rsquo;intéresse autant aux personnalités de chaque enfant. J&rsquo;adresse un immense Bravo à M qui a réussi un exploit impressionnant: constituer un vrai groupe-classe (les enfants se connaissent et sont attentionnés les uns aux autres) tout en respectant leurs envies et besoins (on se souvient de la désignation du responsable des livres en mars).  C&rsquo;est le signe du grand professionnalisme de M.</p>



<p><br><strong><mark style="background-color:rgba(0, 0, 0, 0)" class="has-inline-color has-medium-pink-color">Mais si ça pouvait aider d&rsquo;autres enseignants en REP +, que pourrait-on leur dire?</mark></strong><br>&#8211; que le démarrage du langage met en jeu une sorte de conscience d&rsquo;être un sujet chez chaque enfant qui, du coup, trouve sa place dans la classe à l&rsquo;école?<br>&#8211; que l&rsquo;accompagnement de M par une personne extérieure a souligné l&rsquo;intérêt d&rsquo;une connaissance fine de chaque enfant (notamment à travers les tableaux récapitulatifs langage &#8211; jeux-comportement social)?<br>&#8211; que les relations avec les familles qui se sont construites peu à peu ont créé une telle confiance que les retombées positives sur les enfants sont maintenant évidentes?<br>&#8211; que le printemps est la saison de l&rsquo;éclosion des bourgeons?&#8230;<br>Ou bien tout ça à la fois, et bien d&rsquo;autres facteurs&#8230;<br>&#8212;&#8212;&#8212;&#8212;&#8212;&#8212;&#8212;&#8212;&#8212;&#8212;&#8212;&#8212;&#8212;&#8212;&#8212;&#8212;&#8212;&#8212;&#8212;&#8212;&#8212;&#8212;&#8212;&#8212;&#8212;&#8212;&#8212;&#8212;&#8212;&#8212;&#8212;&#8212;&#8212;&#8212;&#8212;&#8212;&#8212;&#8212;&#8212;&#8211;<br><strong>Message de M du 22 Mai</strong></p>



<p>M écrit: <br>« <em>Evènement: NA était là! Elle a ri et manifesté beaucoup d&rsquo;enthousiasme. Elle a parlé, « maman », « papa », »pain » quand elle a pris la marotte pour lui donner à manger de la pâte à modeler. Et elle a dit « allez » en caressant les marottes</em>« .<br><br>Il faut se souvenir que NA comptait parmi les enfants prioritaires lors du chapitre 5, en mars. L&rsquo;enseignante s&rsquo;inquiétait et j&rsquo;avais expliqué pourquoi je n&rsquo;avais pas de souci. <br>On a ici « en live » le fait que lorsqu&rsquo;un enfant montre -même a minima- qu&rsquo;il est « habité » par le langage, alors c&rsquo;est sûr, on peut l&rsquo;aider pour démarrer. Il faut du temps, de la patience, de la confiance. Et les jeux symboliques sont magiques. Bravo maîtresse!</p>



<figure class="wp-block-image size-large"><img decoding="async" loading="lazy" width="819" height="1024" src="http://mireillebrigaudiot.info/wp-content/uploads/2024/05/Design-sans-titre-43-819x1024.png" alt="" class="wp-image-2482" srcset="https://mireillebrigaudiot.info/wp-content/uploads/2024/05/Design-sans-titre-43-819x1024.png 819w, https://mireillebrigaudiot.info/wp-content/uploads/2024/05/Design-sans-titre-43-240x300.png 240w, https://mireillebrigaudiot.info/wp-content/uploads/2024/05/Design-sans-titre-43-768x960.png 768w, https://mireillebrigaudiot.info/wp-content/uploads/2024/05/Design-sans-titre-43.png 1080w" sizes="(max-width: 819px) 100vw, 819px" /></figure>



<p>NA donne à manger au chien-marotte de la classe.</p>



<p>&#8212;&#8212;&#8212;&#8212;&#8212;&#8212;&#8212;&#8212;&#8212;&#8212;&#8212;&#8212;&#8212;&#8212;&#8212;&#8212;&#8212;&#8212;&#8212;&#8212;&#8212;&#8212;&#8212;&#8212;&#8212;&#8212;&#8212;&#8212;&#8212;&#8212;&#8212;&#8212;&#8212;&#8212;&#8212;&#8212;&#8212;&#8212;&#8212;&#8212;&#8212;&#8211;</p>



<p>ccc</p>

<p>Suivi de la classe au 12 mai 2024 Message de M qui me disait que les enfants parlaient beaucoup. Je lui ai demandé: mais de quoi parlent-ils? Voici sa réponse. En motricité, j’ai observé MAD, il parlait tout seul et était accroupi devant une table alors que les autres évoluaient sur le parcours. Je lui &hellip; <a href="https://mireillebrigaudiot.info/index.php/chapitre-6-mai-juin/" class="more-link">Continuer la lecture de <span class="screen-reader-text">Chapitre 6 &#8211; mai / juin</span></a></p>
