{"id":1646,"date":"2023-10-14T11:44:55","date_gmt":"2023-10-14T11:44:55","guid":{"rendered":"http:\/\/mireillebrigaudiot.info\/?page_id=1646"},"modified":"2024-03-10T06:34:41","modified_gmt":"2024-03-10T06:34:41","slug":"tps-evenements","status":"publish","type":"page","link":"https:\/\/mireillebrigaudiot.info\/index.php\/tps-evenements\/","title":{"rendered":"TPS \/ \u00c9v\u00e8nements"},"content":{"rendered":"\n<p><\/p>\n\n\n\n<p>Les <strong><mark style=\"background-color:rgba(0, 0, 0, 0)\" class=\"has-inline-color has-medium-pink-color\">anniversaires<\/mark><\/strong> sont des \u00e9v\u00e8nements. <br>Vous pouvez regrouper les enfants par mois d&rsquo;anniversaire. N&rsquo;oubliez pas ceux qui ont leur anniversaire durant des vacances, essayez de les f\u00eater avant ou apr\u00e8s. L&rsquo;important est que les enfants entendent \u00ab\u00a0<em>X, Y et Z ont eu 3 ans, on va leur souhaiter leur anniversaire, \u00e7a veut dire qu&rsquo;ils ont grandi. Vous vous souvenez de ce que je vous dis? quand on est un <strong>b\u00e9b\u00e9 <\/strong>qui vient de na\u00eetre, on dort et on boit du lait, quand on est un <strong>petit de 1 an<\/strong> on commence \u00e0 manger et \u00e0 vouloir marcher,  quand on est un <strong>petit de 2 ans<\/strong> on apprend \u00e0 courir et \u00e0 sauter et quand on est un grand de <strong>3 ans<\/strong> on sait parler<\/em>!\u00a0\u00bb.  <br>C&rsquo;est une mani\u00e8re de commencer \u00e0 travailler la notion de temps, en illustrant des p\u00e9riodes qui passent pour chacun des enfants. Il s&rsquo;agit de leurs temporalit\u00e9s (voir Temps et temporalit\u00e9, Brigaudiot, dans <a href=\"http:\/\/mireillebrigaudiot.info\/index.php\/archives\/\" data-type=\"page\" data-id=\"439\">archives<\/a>).<\/p>\n\n\n\n<p>Les <strong><mark style=\"background-color:rgba(0, 0, 0, 0)\" class=\"has-inline-color has-medium-pink-color\">premi\u00e8res fois<\/mark><\/strong> sont des \u00e9v\u00e8nements. Vous les c\u00e9l\u00e8brerez avec d&rsquo;autant plus de c\u00e9r\u00e9monie qu&rsquo;il s&rsquo;agira de premi\u00e8res fois tr\u00e8s importantes pour leur auteur, par exemple, un enfant qui dit une comptine tout fort alors qu&rsquo;on n&rsquo;a jamais entendu sa voix. Lorsque l&rsquo;enseignant attire l&rsquo;attention du groupe sur un besoin particulier d&rsquo;un enfant (\u00ab\u00a0<em>il faudra m&rsquo;aider parce que je suis s\u00fbre que J\u00e9r\u00e9my va parler, vous irez jouer avec lui et vous lui montrerez<\/em> <em>comment on joue<\/em>\u00ab\u00a0), les enfants comprennent tr\u00e8s bien l&rsquo;enjeu et du coup ils applaudissent spontan\u00e9ment lors de la premi\u00e8re fois pour cet enfant. Je l&rsquo;ai vu des dizaines de fois, bien s\u00fbr dans des classes o\u00f9 la confiance r\u00e9ciproque ma\u00eetre &#8211; enfants est totale (voir la fin du film <strong><a href=\"http:\/\/mireillebrigaudiot.info\/index.php\/mots-cles\/bravo\/\" data-type=\"page\" data-id=\"27\">Bravo!<\/a><\/strong>). Pour le ma\u00eetre aussi bien que pour les enfants, tous vont faire des progr\u00e8s. On retrouve ce challenge dans l&rsquo;utilisation du <strong>carnet de<\/strong> <strong>progr\u00e8s<\/strong> .<br><br>Voici quelques premi\u00e8res fois de Charles: <\/p>\n\n\n\n<p>\u00e0 2 ans 4 mois il chante seul <em>Meunier tu dors<\/em><\/p>\n\n\n\n<figure class=\"wp-block-embed is-type-video is-provider-youtube wp-block-embed-youtube wp-embed-aspect-16-9 wp-has-aspect-ratio\"><div class=\"wp-block-embed__wrapper\">\n<iframe loading=\"lazy\" title=\"meunier 2;04\" width=\"660\" height=\"371\" src=\"https:\/\/www.youtube.com\/embed\/7xJ7dAqGuDk?feature=oembed\" frameborder=\"0\" allow=\"accelerometer; autoplay; clipboard-write; encrypted-media; gyroscope; picture-in-picture; web-share\" allowfullscreen><\/iframe>\n<\/div><\/figure>\n\n\n\n<p>\u00e0 2 ans 4 mois il raconte seul, avec le livre, \u00ab\u00a0<em>De la petite taupe qui voulait savoir qui lui avait fait une crotte sur la t\u00eate<\/em>\u00ab\u00a0<\/p>\n\n\n\n<figure class=\"wp-block-embed is-type-video is-provider-youtube wp-block-embed-youtube wp-embed-aspect-16-9 wp-has-aspect-ratio\"><div class=\"wp-block-embed__wrapper\">\n<iframe loading=\"lazy\" title=\"R\u00e9cit taupe\" width=\"660\" height=\"371\" src=\"https:\/\/www.youtube.com\/embed\/CzXQbDG8FFs?feature=oembed\" frameborder=\"0\" allow=\"accelerometer; autoplay; clipboard-write; encrypted-media; gyroscope; picture-in-picture; web-share\" allowfullscreen><\/iframe>\n<\/div><\/figure>\n\n\n\n<p>\u00e0 2 ans 6 mois il s&rsquo;arr\u00eate au feu rouge et d\u00e9marre au feu vert quand il fait de la draisienne.<\/p>\n\n\n\n<figure class=\"wp-block-embed is-type-video is-provider-youtube wp-block-embed-youtube wp-embed-aspect-16-9 wp-has-aspect-ratio\"><div class=\"wp-block-embed__wrapper\">\n<iframe loading=\"lazy\" title=\"Feu vert 2;06\" width=\"660\" height=\"371\" src=\"https:\/\/www.youtube.com\/embed\/hL1cPfiL6lk?feature=oembed\" frameborder=\"0\" allow=\"accelerometer; autoplay; clipboard-write; encrypted-media; gyroscope; picture-in-picture; web-share\" allowfullscreen><\/iframe>\n<\/div><\/figure>\n\n\n\n<p><br>En classe, le fait d&rsquo;aller dormir pour la <strong>sieste<\/strong> est une GRANDE premi\u00e8re fois en TPS. Cela explique le fait que M, la ma\u00eetresse de la TPS suivie, ait mis la photo du dortoir dans le carnet de suivi de chaque enfant. Comme on le voit ci-dessous.<br><\/p>\n\n\n\n<figure class=\"wp-block-image size-full\"><img decoding=\"async\" loading=\"lazy\" width=\"480\" height=\"640\" src=\"http:\/\/mireillebrigaudiot.info\/wp-content\/uploads\/2023\/12\/IMG_0477.jpg-siesteKLO.jpg\" alt=\"\" class=\"wp-image-2071\" srcset=\"https:\/\/mireillebrigaudiot.info\/wp-content\/uploads\/2023\/12\/IMG_0477.jpg-siesteKLO.jpg 480w, https:\/\/mireillebrigaudiot.info\/wp-content\/uploads\/2023\/12\/IMG_0477.jpg-siesteKLO-225x300.jpg 225w\" sizes=\"(max-width: 480px) 100vw, 480px\" \/><\/figure>\n\n\n\n<p>La totalit\u00e9 de ce sc\u00e9nario \u00ab\u00a0premi\u00e8re sieste\u00a0\u00bb est \u00e0 retrouver dans le feuilleton TPS, <a href=\"http:\/\/mireillebrigaudiot.info\/index.php\/chapitre-3-nov-dec\/\" data-type=\"page\" data-id=\"1620\">chapitre 3<\/a>. <br><br><strong><mark style=\"background-color:rgba(0, 0, 0, 0)\" class=\"has-inline-color has-medium-pink-color\">Les moments d\u00e9licats \u00e0 penser en particulier<\/mark><\/strong><br><br>Cette pr\u00e9caution sieste est d\u00e9cisive. En effet, pour cette premi\u00e8re fr\u00e9quentation scolaire, on doit se d\u00e9brouiller pour \u00e9viter toute crainte chez les enfants. Car quand il y en a, c&rsquo;est inutile d&rsquo;attendre des apprentissages quels qu&rsquo;il soient ensuite. Selon les enfants, <strong>les moments d\u00e9licats <\/strong>sont: le d\u00e9part des parents le matin, le d\u00e9shabillage \u00e0 l&rsquo;arriv\u00e9e, la sortie dans la cour, la cantine, la sieste. Il ne faut pas croire que c&rsquo;est un d\u00e9tail. Les \u00ab\u00a0peurs\u00a0\u00bb de quelque chose en TPS peuvent durer des ann\u00e9es.<\/p>\n\n\n\n<p><strong><mark style=\"background-color:rgba(0, 0, 0, 0)\" class=\"has-inline-color has-medium-pink-color\">Le carnet de progr\u00e8s<\/mark><\/strong><\/p>\n\n\n\n<p>Le carnet de progr\u00e8s est la forme que j&rsquo;ai invent\u00e9e, th\u00e9oris\u00e9e et test\u00e9e pour le document officiel appel\u00e9 <a href=\"http:\/\/mireillebrigaudiot.info\/index.php\/mots-cles\/carnet-de-suivi\/\" data-type=\"page\" data-id=\"958\">carnet de suivi<\/a>.<br>Il s&rsquo;agit d&rsquo;un document personnel appartenant \u00e0 chaque enfant, rempli par l&rsquo;enseignante en fonction de ce qu&rsquo;elle consid\u00e8re, elle, comme progr\u00e8s de chaque enfant. Il comporte des age dat\u00e9es avec une photo et un commentaire pour chaque progr\u00e8s.<br>La ma\u00eetresse de TPS a d\u00e9marr\u00e9 son utilisation en janvier. Car tout un travail pr\u00e9paratoire est n\u00e9cessaire: avoir les supports en nombre, commencer \u00e0 les remplir devant les enfants en s&rsquo;adressant \u00e0 eux un par un.<br>Donc \u00e0 la rentr\u00e9e de janvier la ma\u00eetresse a mis une affiche sur la porte pour expliquer que <strong>les mamans et les papas<\/strong> (en pr\u00e9cisant que ce serait mieux \u00e0 deux) pouvaient inscrire le nom de leur enfant sur le calendrier pr\u00e9sent\u00e9. Et deux cr\u00e9neaux horaires sont possibles, aux sorties de 11h30 ou de 16h30. A l&rsquo;arriv\u00e9e des parents, la ma\u00eetresse re-explique r\u00e9guli\u00e8rement et&#8230; le planning se remplit. Fin janvier il ne reste que 3 familles \u00e0 voir.<br>Au rendez-vous, les parents s&rsquo;installent \u00e0 une table avec l&rsquo;enfant la ma\u00eetresse et le carnet qu&rsquo;on feuillette.<br><br>M dit qu&rsquo;elle a \u00e9t\u00e9 surprise de l&rsquo;enthousiasme des familles: <em>\u00ab\u00a0c&rsquo;est incroyable!\u00a0\u00bb, \u00ab\u00a0il a d\u00e9j\u00e0 appris tout \u00e7a!\u00a0\u00bb, \u00ab\u00a0mais \u00e7a vous donne beaucoup de travail\u00a0\u00bb, \u00ab\u00a0mes autres enfants n&rsquo;ont jamais eu \u00e7a<\/em>\u00ab\u00a0&#8230;<br>Ces d\u00e9tails pour montrer -je crois- que les familles, surtout en REP+, n&rsquo;ont pas l&rsquo;habitude d&rsquo;entendre des f\u00e9licitations pour leurs enfants. Tout est l\u00e0.<br>D&rsquo;o\u00f9 les progr\u00e8s enregistr\u00e9s apr\u00e8s ces visites.<\/p>\n\n\n\n<figure class=\"wp-block-image size-large\"><img decoding=\"async\" loading=\"lazy\" width=\"768\" height=\"1024\" src=\"http:\/\/mireillebrigaudiot.info\/wp-content\/uploads\/2023\/12\/IMG_0474.jpg-carnet1-768x1024.jpg\" alt=\"\" class=\"wp-image-2068\" srcset=\"https:\/\/mireillebrigaudiot.info\/wp-content\/uploads\/2023\/12\/IMG_0474.jpg-carnet1-768x1024.jpg 768w, https:\/\/mireillebrigaudiot.info\/wp-content\/uploads\/2023\/12\/IMG_0474.jpg-carnet1-225x300.jpg 225w, https:\/\/mireillebrigaudiot.info\/wp-content\/uploads\/2023\/12\/IMG_0474.jpg-carnet1-1152x1536.jpg 1152w, https:\/\/mireillebrigaudiot.info\/wp-content\/uploads\/2023\/12\/IMG_0474.jpg-carnet1-1536x2048.jpg 1536w, https:\/\/mireillebrigaudiot.info\/wp-content\/uploads\/2023\/12\/IMG_0474.jpg-carnet1-scaled.jpg 1920w\" sizes=\"(max-width: 768px) 100vw, 768px\" \/><\/figure>\n\n\n\n<p><\/p>\n\n\n\n<p><strong><mark style=\"background-color:rgba(0, 0, 0, 0)\" class=\"has-inline-color has-medium-pink-color\">La mascotte nous aide<\/mark><\/strong><\/p>\n\n\n\n<p>Apr\u00e8s le d\u00e9marrage des activit\u00e9s visant la construction de la <strong>quantit\u00e9 3<\/strong>, la ma\u00eetresse de TPS a profit\u00e9 d&rsquo;occasions diverses: pi\u00e8ces de jeux, bougies d&rsquo;anniversaire, etc. En mars elle annonce un \u00e9v\u00e9nement. La famille chien compte dor\u00e9navant 3 habitants: papa, maman et b\u00e9b\u00e9, c&rsquo;est la f\u00eate des chiens.<\/p>\n\n\n\n<figure class=\"wp-block-image size-full\"><img decoding=\"async\" loading=\"lazy\" width=\"1024\" height=\"768\" src=\"http:\/\/mireillebrigaudiot.info\/wp-content\/uploads\/2024\/03\/mascotte3IMG_10191-e1710051997874.jpg\" alt=\"\" class=\"wp-image-2350\" srcset=\"https:\/\/mireillebrigaudiot.info\/wp-content\/uploads\/2024\/03\/mascotte3IMG_10191-e1710051997874.jpg 1024w, https:\/\/mireillebrigaudiot.info\/wp-content\/uploads\/2024\/03\/mascotte3IMG_10191-e1710051997874-300x225.jpg 300w, https:\/\/mireillebrigaudiot.info\/wp-content\/uploads\/2024\/03\/mascotte3IMG_10191-e1710051997874-768x576.jpg 768w\" sizes=\"(max-width: 1024px) 100vw, 1024px\" \/><\/figure>\n\n\n\n<p>Un, deux, et encore un, \u00e7a fait trois!<\/p>\n\n\n\n<p><\/p>\n\n\n\n<p><\/p>\n\n\n\n<p><\/p>\n\n\n\n<p><br><br><\/p>\n\n\n\n<p><br>xx<\/p>\n\n\n\n<p>En TPS &gt; <a href=\"http:\/\/mireillebrigaudiot.info\/index.php\/tps-rentree\/\" data-type=\"page\" data-id=\"1642\">Rentr\u00e9e<\/a><br>En TPS &gt; <a href=\"http:\/\/mireillebrigaudiot.info\/index.php\/tps-vigilances\/\" data-type=\"page\" data-id=\"1644\">Vigilances<\/a><br><\/p>\n\n\n\n<figure class=\"wp-block-image\"><img alt=\"\"\/><\/figure>\n\n\n\n<figure class=\"wp-block-image\"><img alt=\"\"\/><\/figure>\n\n\n\n<figure class=\"wp-block-image\"><img alt=\"\"\/><\/figure>\n\n\n\n<figure class=\"wp-block-image\"><img alt=\"\"\/><\/figure>\n\n\n\n<figure class=\"wp-block-image\"><img alt=\"\"\/><\/figure>\n\n\n\n<figure class=\"wp-block-image\"><img alt=\"\"\/><\/figure>\n\n\n\n<figure class=\"wp-block-image\"><img alt=\"\"\/><\/figure>\n\n\n\n<figure class=\"wp-block-image\"><img alt=\"\"\/><\/figure>\n\n\n\n<figure class=\"wp-block-image\"><img alt=\"\"\/><\/figure>\n","protected":false},"excerpt":{"rendered":"<p>Les anniversaires sont des \u00e9v\u00e8nements. Vous pouvez regrouper les enfants par mois d&rsquo;anniversaire. N&rsquo;oubliez pas ceux qui ont leur anniversaire durant des vacances, essayez de les f\u00eater avant ou apr\u00e8s. L&rsquo;important est que les enfants entendent \u00ab\u00a0X, Y et Z ont eu 3 ans, on va leur souhaiter leur anniversaire, \u00e7a veut dire qu&rsquo;ils ont &hellip; <a href=\"https:\/\/mireillebrigaudiot.info\/index.php\/tps-evenements\/\" class=\"more-link\">Continuer la lecture de <span class=\"screen-reader-text\">TPS \/ \u00c9v\u00e8nements<\/span><\/a><\/p>\n","protected":false},"author":1,"featured_media":0,"parent":0,"menu_order":0,"comment_status":"closed","ping_status":"closed","template":"","meta":[],"_links":{"self":[{"href":"https:\/\/mireillebrigaudiot.info\/index.php\/wp-json\/wp\/v2\/pages\/1646"}],"collection":[{"href":"https:\/\/mireillebrigaudiot.info\/index.php\/wp-json\/wp\/v2\/pages"}],"about":[{"href":"https:\/\/mireillebrigaudiot.info\/index.php\/wp-json\/wp\/v2\/types\/page"}],"author":[{"embeddable":true,"href":"https:\/\/mireillebrigaudiot.info\/index.php\/wp-json\/wp\/v2\/users\/1"}],"replies":[{"embeddable":true,"href":"https:\/\/mireillebrigaudiot.info\/index.php\/wp-json\/wp\/v2\/comments?post=1646"}],"version-history":[{"count":20,"href":"https:\/\/mireillebrigaudiot.info\/index.php\/wp-json\/wp\/v2\/pages\/1646\/revisions"}],"predecessor-version":[{"id":2352,"href":"https:\/\/mireillebrigaudiot.info\/index.php\/wp-json\/wp\/v2\/pages\/1646\/revisions\/2352"}],"wp:attachment":[{"href":"https:\/\/mireillebrigaudiot.info\/index.php\/wp-json\/wp\/v2\/media?parent=1646"}],"curies":[{"name":"wp","href":"https:\/\/api.w.org\/{rel}","templated":true}]}}