{"id":1650,"date":"2023-10-14T11:45:42","date_gmt":"2023-10-14T11:45:42","guid":{"rendered":"http:\/\/mireillebrigaudiot.info\/?page_id=1650"},"modified":"2024-10-03T14:46:13","modified_gmt":"2024-10-03T14:46:13","slug":"ps-vigilances","status":"publish","type":"page","link":"https:\/\/mireillebrigaudiot.info\/index.php\/ps-vigilances\/","title":{"rendered":"PS \/ Vigilances"},"content":{"rendered":"\n<p><strong><mark style=\"background-color:rgba(0, 0, 0, 0)\" class=\"has-inline-color has-medium-pink-color\">Langage et troubles inqui\u00e9tants<mark style=\"background-color:rgba(0, 0, 0, 0)\" class=\"has-inline-color has-medium-pink-color\"><\/mark><\/mark><\/strong><\/p>\n\n\n\n<p>Une grande vigilance concerne votre souci de d\u00e9pistage: <br>&#8211;<strong>quand pouvez-vous demander des conseils? et \u00e0 qui?<\/strong><br><br>On est en Petite Section, \u00e0 la rentr\u00e9e. Il y a donc de tr\u00e8s nombreux apprentissages qui sont totalement balbutiants et c&rsquo;est normal. Ne vous attardez pas sur ce qui n&rsquo;est ni une difficult\u00e9 ni une anomalie. Par exemple, \u00ab\u00a0il prononce mal\u00a0\u00bb. Oui, c&rsquo;est normal, il est en train d&rsquo;apprendre une langue qui ne fonctionne pas du tout comme celle  qu&rsquo;il a entendue quand il \u00e9tait b\u00e9b\u00e9. Mettez-vous \u00e0 sa place.<br>Et c&rsquo;est normal parce qu&rsquo;il est encore petit. <\/p>\n\n\n\n<p>A l&rsquo;inverse, vous pouvez rencontrer un cas de figure tr\u00e8s pr\u00e9occupant, comme l&rsquo;est l&rsquo;absence de trace de langage. <\/p>\n\n\n\n<p>Dans ce cas, essayez de voir si l&rsquo;enfant parle ou se fait comprendre <strong>avec ses parents<\/strong>. C&rsquo;est d\u00e9j\u00e0 beaucoup. Si ce n&rsquo;est pas le cas vous pouvez l&rsquo;appeler, en pronon\u00e7ant son pr\u00e9nom pas tr\u00e8s fort, quand l&rsquo;enfant est de dos. Vous verrez peut-\u00eatre alors qu&rsquo;<strong>il entend<\/strong>. Vous pouvez aussi choisir un moment o\u00f9 il fixe son attention sur un objet pour voir s&rsquo;il <strong>r\u00e9pond \u00e0 son nom<\/strong>. Voici PAP, qui crayonne longuement et tourne bien la t\u00eate quand M l&rsquo;appelle \u00e0 distance. Enfin, essayez de lui montrer une photo prise \u00e0 l&rsquo;\u00e9cole sur laquelle il figure avec d&rsquo;autres enfants. En montrant les enfants un par un, vous pourrez voir une r\u00e9action.<br>Je dois -h\u00e9las- dire que toutes ces situations ont des r\u00e9ponses n\u00e9gatives lorsqu&rsquo;un enfant \u00ab\u00a0n&rsquo;est pas habit\u00e9\u00a0\u00bb par le langage. Comme le sont certains enfants autistes.<\/p>\n\n\n\n<figure class=\"wp-block-image size-large\"><img decoding=\"async\" loading=\"lazy\" width=\"1024\" height=\"811\" src=\"http:\/\/mireillebrigaudiot.info\/wp-content\/uploads\/2024\/09\/Design-sans-titre-e1726995662894-1024x811.png\" alt=\"\" class=\"wp-image-2656\" srcset=\"https:\/\/mireillebrigaudiot.info\/wp-content\/uploads\/2024\/09\/Design-sans-titre-e1726995662894-1024x811.png 1024w, https:\/\/mireillebrigaudiot.info\/wp-content\/uploads\/2024\/09\/Design-sans-titre-e1726995662894-300x238.png 300w, https:\/\/mireillebrigaudiot.info\/wp-content\/uploads\/2024\/09\/Design-sans-titre-e1726995662894-768x608.png 768w, https:\/\/mireillebrigaudiot.info\/wp-content\/uploads\/2024\/09\/Design-sans-titre-e1726995662894.png 1080w\" sizes=\"(max-width: 1024px) 100vw, 1024px\" \/><\/figure>\n\n\n\n<p><br>Le pronostic est bon pour PAP. Il faudra voir s&rsquo;il entre dans les jeux symboliques. Si ce n&rsquo;est pas le cas, il faut parler avec un <strong>m\u00e9decin de PMI<\/strong> ou un <strong>m\u00e9decin scolaire<\/strong>. Dans les cas de troubles importants, il vaut toujours mieux laisser faire le monde m\u00e9dical. Parce que c&rsquo;est tr\u00e8s tr\u00e8s dur pour les parents d&rsquo;apprendre de mauvaises nouvelles.<br><br>En PS &gt; <a href=\"http:\/\/mireillebrigaudiot.info\/index.php\/ps-rentree\/\" data-type=\"page\" data-id=\"1648\">Rentr\u00e9e<\/a><br>En PS &gt; <a href=\"http:\/\/mireillebrigaudiot.info\/index.php\/ps-evenements\/\" data-type=\"page\" data-id=\"1652\">\u00c9v\u00e8nements <\/a><br><br><br>En PS &gt; <a href=\"http:\/\/mireillebrigaudiot.info\/index.php\/ps-rentree\/\" data-type=\"page\" data-id=\"1648\">Rentr\u00e9e<\/a><br>En PS &gt; <a href=\"http:\/\/mireillebrigaudiot.info\/index.php\/ps-evenements\/\" data-type=\"page\" data-id=\"1652\">\u00c9v\u00e8nements <\/a><br><\/p>\n","protected":false},"excerpt":{"rendered":"<p>Langage et troubles inqui\u00e9tants Une grande vigilance concerne votre souci de d\u00e9pistage: &#8211;quand pouvez-vous demander des conseils? et \u00e0 qui? On est en Petite Section, \u00e0 la rentr\u00e9e. Il y a donc de tr\u00e8s nombreux apprentissages qui sont totalement balbutiants et c&rsquo;est normal. Ne vous attardez pas sur ce qui n&rsquo;est ni une difficult\u00e9 ni &hellip; <a href=\"https:\/\/mireillebrigaudiot.info\/index.php\/ps-vigilances\/\" class=\"more-link\">Continuer la lecture de <span class=\"screen-reader-text\">PS \/ Vigilances<\/span><\/a><\/p>\n","protected":false},"author":1,"featured_media":0,"parent":0,"menu_order":0,"comment_status":"closed","ping_status":"closed","template":"","meta":[],"_links":{"self":[{"href":"https:\/\/mireillebrigaudiot.info\/index.php\/wp-json\/wp\/v2\/pages\/1650"}],"collection":[{"href":"https:\/\/mireillebrigaudiot.info\/index.php\/wp-json\/wp\/v2\/pages"}],"about":[{"href":"https:\/\/mireillebrigaudiot.info\/index.php\/wp-json\/wp\/v2\/types\/page"}],"author":[{"embeddable":true,"href":"https:\/\/mireillebrigaudiot.info\/index.php\/wp-json\/wp\/v2\/users\/1"}],"replies":[{"embeddable":true,"href":"https:\/\/mireillebrigaudiot.info\/index.php\/wp-json\/wp\/v2\/comments?post=1650"}],"version-history":[{"count":8,"href":"https:\/\/mireillebrigaudiot.info\/index.php\/wp-json\/wp\/v2\/pages\/1650\/revisions"}],"predecessor-version":[{"id":2699,"href":"https:\/\/mireillebrigaudiot.info\/index.php\/wp-json\/wp\/v2\/pages\/1650\/revisions\/2699"}],"wp:attachment":[{"href":"https:\/\/mireillebrigaudiot.info\/index.php\/wp-json\/wp\/v2\/media?parent=1650"}],"curies":[{"name":"wp","href":"https:\/\/api.w.org\/{rel}","templated":true}]}}