{"id":1656,"date":"2023-10-14T11:46:44","date_gmt":"2023-10-14T11:46:44","guid":{"rendered":"http:\/\/mireillebrigaudiot.info\/?page_id=1656"},"modified":"2025-11-10T13:00:11","modified_gmt":"2025-11-10T13:00:11","slug":"ms-vigilances","status":"publish","type":"page","link":"https:\/\/mireillebrigaudiot.info\/index.php\/ms-vigilances\/","title":{"rendered":"MS \/ Vigilances"},"content":{"rendered":"\n<p>C&rsquo;est \u00e0 toutes les MS que je pense, mais encore plus aux MS de REP et REP+.<\/p>\n\n\n\n<p>Je continue \u00e0 d\u00e9fendre le point de vue suivant: plus les enfants ont des conditions de vie entra\u00eenant souvent  -h\u00e9las- de l&rsquo;\u00e9chec scolaire, plus la maternelle doit viser l&rsquo;\u00e9crit plus que l&rsquo;oral sur ses 3 ou 4 ann\u00e9es.<br>Parce que l&rsquo;oral est pr\u00e9sent partout, tout le temps. Alors que l&rsquo;\u00e9crit, dans sa nature abstraite symbolique de l&rsquo;oral, est peu ou pas pr\u00e9sent dans certaines familles. C&rsquo;est donc le r\u00f4le d\u00e9cisif de l&rsquo;\u00e9cole que je souligne ici.<br>Je vais prendre un exemple de pratique qui part de l&rsquo;\u00e9crit et qui, finalement, a des incidences consid\u00e9rables sur l&rsquo;oral et le d\u00e9veloppement cognitif.<br>Il s&rsquo;agit des moments privil\u00e9gi\u00e9s du matin, entre la ma\u00eetresse des moyens, et 3 ou 4 enfants dont 2 prioritaires.<br>Je vais appeler cette pratique<strong><mark style=\"background-color:rgba(0, 0, 0, 0)\" class=\"has-inline-color has-medium-pink-color\"> la grande vigilance de MS<\/mark><\/strong>.<br>Car c&rsquo;est vraiment l&rsquo;ann\u00e9e o\u00f9 il faut faire quelque chose pour les <strong><a href=\"https:\/\/mireillebrigaudiot.info\/index.php\/mots-cles\/enfants-prioritaires\/\" data-type=\"page\" data-id=\"21\"><mark style=\"background-color:rgba(0, 0, 0, 0)\" class=\"has-inline-color has-bright-blue-color\">enfants prioritaires<\/mark><\/a><\/strong>. Si on attend la GS, leur d\u00e9calage avec les autres enfants risque de s&rsquo;aggraver.  Parce que les activit\u00e9s abstraites sont nombreuses en GS.<\/p>\n\n\n\n<p>Chaque matin, M appelle gentiment A, B, C et D, un petit groupe d&rsquo;enfants. \u00ab\u00a0<em>Tu veux bien venir travailler avec moi ce matin?<\/em>\u00ab\u00a0. Les enfants ont \u00e9t\u00e9 pr\u00e9venus, d\u00e8s les premiers jours de l&rsquo;ann\u00e9e scolaire, que \u00e7a serait une habitude du matin, parce que c&rsquo;\u00e9tait le m\u00e9tier d&rsquo;une ma\u00eetresse d&rsquo;aider beaucoup certains enfants qui en ont besoin. Et comme \u00e7a, ils vont apprendre comme tout le monde dans la classe.<br>Voici un de ces moments.<\/p>\n\n\n\n<p>M est avec, d&rsquo;un c\u00f4t\u00e9 Samir, et de l&rsquo;autre cot\u00e9, Alexandre et Marius.<br>Ils sont en a<strong>ttention conjointe<\/strong>.<br>M choisit <strong>2 livres de la biblioth\u00e8que, dont l&rsquo;un est bien connu des enfants.<\/strong><br><strong>Elle va tourner les pages, laisser parler les enfants, rectifier ce qui est faux dans ce qu&rsquo;ils disent, mais sans insister, et valoriser les essais.<\/strong><\/p>\n\n\n\n<p>M &#8211; <em>je crois que vous l&rsquo;aimez bien cette histoire <\/em>(B\u00e9b\u00e9s chouettes) <em>et je vais prendre aussi ce livre<\/em> (le voyage de Hibou).<br>Alex &#8211; <em>d&rsquo;abord \u00e7ui-l\u00e0<\/em> (B\u00e9b\u00e9s chouettes) <em>elles vont attendre<\/em><br>M &#8211; (ouvre le livre, tourne les pages) Elle suit du doigt le titre, sans parler.<br>Marius &#8211; <em>B\u00e9b\u00e9s chouettes<\/em><br>M &#8211; <em>oui c&rsquo;est le nom de l&rsquo;histoire, \u00e7a s&rsquo;appelle le titre du livre<\/em><br>Samir &#8211; (montre la petite chouette) <em>i dit je veux pas<\/em><br>M &#8211; <em>oui elle n&rsquo;aime pas que sa maman parte<\/em><br>Marius &#8211; <em>moi je sais ce qui va arriver<\/em><br>Alex &#8211; <em>elle va revenir<br>M &#8211; <\/em>(tourne les pages)<br>&#8211;> Alex se l\u00e8ve, va chercher un autre livre au coin biblioth\u00e8que et s&rsquo;installe seul avec son livre dans la classe<br>&#8211;> Marius tend le second livre \u00e0 M <em><br><\/em>Marius<em> &#8211; chante \u00e7ui-l\u00e0<br><\/em>M<em> &#8211; tu dis &lsquo;chante&rsquo; Marius mais tu sais que je ne chante pas l&rsquo;histoire, je la dis, je la parle, parce que je sais lire, l\u00e0, l\u00e0 l\u00e0 <\/em>(suit les \u00e9critures du doigt)<em>.<br><\/em>Samir<em> <\/em>&#8211; (montre dessin de hibou)<em> b\u00e9b\u00e9 chouette<br><\/em>M <em>&#8211; oui c&rsquo;est un oiseau qui ressemble aux chouettes, c&rsquo;est un hibou<\/em><br>Samir &#8211; <em>b\u00e9b\u00e9 chouette &#8211; hibou<br><\/em>M<em> &#8211; oui<\/em><br>Samir &#8211; (page suivante) <em>c&rsquo;est hibou!<\/em><br>Marius &#8211; <em>ben tu sais, moi je fais des cauchemars<\/em><br>etc<\/p>\n\n\n\n<p>Essayez de noter tout ce qu&rsquo;ont appris &#8211; construits ces enfants en quelques minutes!&#8230;.<br>Ce moment de grande vigilance ne d\u00e9passe jamais 10 minutes.<br>Mais c&rsquo;est tous les jours, toute l&rsquo;ann\u00e9e.<\/p>\n\n\n\n<p>En MS &gt; <a href=\"http:\/\/mireillebrigaudiot.info\/index.php\/ms-rentree\/\" data-type=\"page\" data-id=\"1654\">Rentr\u00e9e<\/a><br>En MS &gt; <a href=\"http:\/\/mireillebrigaudiot.info\/index.php\/ms-evenements\/\" data-type=\"page\" data-id=\"1658\">\u00c9v\u00e8nements <\/a><br><\/p>\n","protected":false},"excerpt":{"rendered":"<p>C&rsquo;est \u00e0 toutes les MS que je pense, mais encore plus aux MS de REP et REP+. Je continue \u00e0 d\u00e9fendre le point de vue suivant: plus les enfants ont des conditions de vie entra\u00eenant souvent -h\u00e9las- de l&rsquo;\u00e9chec scolaire, plus la maternelle doit viser l&rsquo;\u00e9crit plus que l&rsquo;oral sur ses 3 ou 4 ann\u00e9es.Parce &hellip; <a href=\"https:\/\/mireillebrigaudiot.info\/index.php\/ms-vigilances\/\" class=\"more-link\">Continuer la lecture de <span class=\"screen-reader-text\">MS \/ Vigilances<\/span><\/a><\/p>\n","protected":false},"author":1,"featured_media":0,"parent":0,"menu_order":0,"comment_status":"closed","ping_status":"closed","template":"","meta":[],"_links":{"self":[{"href":"https:\/\/mireillebrigaudiot.info\/index.php\/wp-json\/wp\/v2\/pages\/1656"}],"collection":[{"href":"https:\/\/mireillebrigaudiot.info\/index.php\/wp-json\/wp\/v2\/pages"}],"about":[{"href":"https:\/\/mireillebrigaudiot.info\/index.php\/wp-json\/wp\/v2\/types\/page"}],"author":[{"embeddable":true,"href":"https:\/\/mireillebrigaudiot.info\/index.php\/wp-json\/wp\/v2\/users\/1"}],"replies":[{"embeddable":true,"href":"https:\/\/mireillebrigaudiot.info\/index.php\/wp-json\/wp\/v2\/comments?post=1656"}],"version-history":[{"count":6,"href":"https:\/\/mireillebrigaudiot.info\/index.php\/wp-json\/wp\/v2\/pages\/1656\/revisions"}],"predecessor-version":[{"id":3180,"href":"https:\/\/mireillebrigaudiot.info\/index.php\/wp-json\/wp\/v2\/pages\/1656\/revisions\/3180"}],"wp:attachment":[{"href":"https:\/\/mireillebrigaudiot.info\/index.php\/wp-json\/wp\/v2\/media?parent=1656"}],"curies":[{"name":"wp","href":"https:\/\/api.w.org\/{rel}","templated":true}]}}