{"id":1658,"date":"2023-10-14T11:47:10","date_gmt":"2023-10-14T11:47:10","guid":{"rendered":"http:\/\/mireillebrigaudiot.info\/?page_id=1658"},"modified":"2025-12-06T13:30:16","modified_gmt":"2025-12-06T13:30:16","slug":"ms-evenements","status":"publish","type":"page","link":"https:\/\/mireillebrigaudiot.info\/index.php\/ms-evenements\/","title":{"rendered":"MS \/ \u00c9v\u00e8nements"},"content":{"rendered":"\n<p class=\"has-dark-gray-color has-text-color\">Je d\u00e9cris ici un \u00e9v\u00e9nement:<br> <a href=\"https:\/\/mireillebrigaudiot.info\/index.php\/une-annee-en-ms-hors-rep-janv-fev\/\" data-type=\"page\" data-id=\"3090\">Une ann\u00e9e en MS hors REP<\/a> en janvier-f\u00e9vrier.<br>Il s&rsquo;agit du travail sur Roule galette, Natha Caputo, Pierre Belv\u00e8s, P\u00e8re Castor Flammarion. <\/p>\n\n\n\n<p>En MS &gt; <a href=\"http:\/\/mireillebrigaudiot.info\/index.php\/ms-rentree\/\" data-type=\"page\" data-id=\"1654\">Rentr\u00e9e<\/a><br>En MS &gt; <a href=\"http:\/\/mireillebrigaudiot.info\/index.php\/ms-vigilances\/\" data-type=\"page\" data-id=\"1656\">Vigilances<\/a><\/p>\n","protected":false},"excerpt":{"rendered":"<p>Je d\u00e9cris ici un \u00e9v\u00e9nement: Une ann\u00e9e en MS hors REP en janvier-f\u00e9vrier.Il s&rsquo;agit du travail sur Roule galette, Natha Caputo, Pierre Belv\u00e8s, P\u00e8re Castor Flammarion. En MS &gt; Rentr\u00e9eEn MS &gt; Vigilances<\/p>\n","protected":false},"author":1,"featured_media":0,"parent":0,"menu_order":0,"comment_status":"closed","ping_status":"closed","template":"","meta":[],"_links":{"self":[{"href":"https:\/\/mireillebrigaudiot.info\/index.php\/wp-json\/wp\/v2\/pages\/1658"}],"collection":[{"href":"https:\/\/mireillebrigaudiot.info\/index.php\/wp-json\/wp\/v2\/pages"}],"about":[{"href":"https:\/\/mireillebrigaudiot.info\/index.php\/wp-json\/wp\/v2\/types\/page"}],"author":[{"embeddable":true,"href":"https:\/\/mireillebrigaudiot.info\/index.php\/wp-json\/wp\/v2\/users\/1"}],"replies":[{"embeddable":true,"href":"https:\/\/mireillebrigaudiot.info\/index.php\/wp-json\/wp\/v2\/comments?post=1658"}],"version-history":[{"count":5,"href":"https:\/\/mireillebrigaudiot.info\/index.php\/wp-json\/wp\/v2\/pages\/1658\/revisions"}],"predecessor-version":[{"id":3268,"href":"https:\/\/mireillebrigaudiot.info\/index.php\/wp-json\/wp\/v2\/pages\/1658\/revisions\/3268"}],"wp:attachment":[{"href":"https:\/\/mireillebrigaudiot.info\/index.php\/wp-json\/wp\/v2\/media?parent=1658"}],"curies":[{"name":"wp","href":"https:\/\/api.w.org\/{rel}","templated":true}]}}