{"id":1705,"date":"2023-10-14T12:43:34","date_gmt":"2023-10-14T12:43:34","guid":{"rendered":"http:\/\/mireillebrigaudiot.info\/?page_id=1705"},"modified":"2025-04-01T11:35:07","modified_gmt":"2025-04-01T11:35:07","slug":"dessin","status":"publish","type":"page","link":"https:\/\/mireillebrigaudiot.info\/index.php\/dessin\/","title":{"rendered":"Dessin"},"content":{"rendered":"\n<p>Dessin: <em>repr\u00e9sentation ou suggestion des objets sur une surface, \u00e0 l&rsquo;aide d&rsquo;un moyen graphique. Le vocabulaire du dessin est \u00ab\u00a0lignes, trac\u00e9s, traits<\/em>\u00ab\u00a0. (Petit Robert).<\/p>\n\n\n\n<p>Dans le petit livre \u00ab\u00a0Qu&rsquo;apprend-on \u00e0 l&rsquo;\u00e9cole maternelle?\u00a0\u00bb (CNDP 2002), on peut lire:<\/p>\n\n\n\n<p>\u00ab\u00a0<em>D\u00e8s qu&rsquo;ils deviennent capables d&rsquo;une pens\u00e9e symbolique et gr\u00e2ce aux interventions verbales des adultes, les enfants d\u00e9couvrent le pouvoir d&rsquo;expression et de communication des traces que laissent certaines de leurs actions motrices. Au fur et \u00e0 mesure qu&rsquo;ils acqui\u00e8rent le contr\u00f4le de leurs mouvements et de leurs gestes, que s&rsquo;affinent leurs capacit\u00e9s \u00e0 manipuler les instruments et \u00e0 utiliser les surfaces qu&rsquo;on leur offre, ils explorent les multiples possibilit\u00e9 de l&rsquo;activit\u00e9 graphique: le dessin, le graphisme, l&rsquo;\u00e9criture.<\/em>\u00ab\u00a0<\/p>\n\n\n\n<p>On remarquera dans cette pr\u00e9sentation le probl\u00e8me de la maternelle pour d\u00e9finir une activit\u00e9 dont on ne conna\u00eet pas bien les contours: l&rsquo;apprendre \u00e0 dessiner rel\u00e8ve-t-il du <strong>d\u00e9veloppement moteur<\/strong> (contr\u00f4le, manipulation&#8230;) ou du <strong>d\u00e9veloppement cognitif<\/strong> (pens\u00e9e symbolique)? ou un peu des deux? ou beaucoup des deux et pour quelles raisons?<\/p>\n\n\n\n<p>Pour partir d&rsquo;une vraie classe et de vrais enfants, je conseille la lecture de <br><a href=\"https:\/\/mireillebrigaudiot.info\/index.php\/une-annee-en-ps-hors-rep\/\" data-type=\"page\" data-id=\"2836\"><strong><mark style=\"background-color:rgba(0, 0, 0, 0)\" class=\"has-inline-color has-bright-blue-color\">une ann\u00e9e en PS hors REP<\/mark><\/strong><\/a>.<br>La d\u00e9marche compl\u00e8te de la ma\u00eetresse y figure.<\/p>\n\n\n\n<p><\/p>\n\n\n\n<p><strong>Bibliographie sp\u00e9ciale dessin de 2 \u00e0 6 ans<\/strong><\/p>\n\n\n\n<p>R. Baldy, <em>Dessine-moi un bonhomme<\/em>, Dessins d&rsquo;enfants et d\u00e9veloppement cognitif, In Press, 2\u00e9me \u00e9dition, 2008.<br>M.V. Cox, <em>Children&rsquo;s drawings of the human figure<\/em>, Lawrence Erlbaum, 1993.<br>L. Fernandez, <em>Le test de l&rsquo;arbre<\/em>, Un dessin pour comprendre et interpr\u00e9ter, In Press, 2\u00e8me \u00e9dition, 2008.<br>B. Joyal, <em>L&rsquo;\u00e9volution graphique, du premier trait gribouill\u00e9 \u00e0 l&rsquo;oeuvre plus complexe<\/em>, Presses de l&rsquo;Universit\u00e9 du Quebec, 2003.<br>G.H. Luquet, <em>Le dessin enfantin<\/em>, Delachaux &amp; Niestl\u00e9, 1977, 1991.<br>G. Porte &amp; al., <em>Portraits Autoportraits,<\/em> Seuil, 2009. Photos et dessins d&rsquo;enfants du Monde.<br>M. Prudhommeau, pr\u00e9face de Henri Wallon, <em>Le dessin de l&rsquo;enfant<\/em>, Presses Universitaires de Franc\u00e9, 1951.<br>P. Wallon, A. Cambier, D. Engelhart, <em>Le dessin de l&rsquo;enfant<\/em>, PUF, 1990.<\/p>\n\n\n\n<p><\/p>\n\n\n\n<p><\/p>\n\n\n\n<p>\u00e0 suivre<\/p>\n\n\n\n<p><\/p>\n","protected":false},"excerpt":{"rendered":"<p>Dessin: repr\u00e9sentation ou suggestion des objets sur une surface, \u00e0 l&rsquo;aide d&rsquo;un moyen graphique. Le vocabulaire du dessin est \u00ab\u00a0lignes, trac\u00e9s, traits\u00ab\u00a0. (Petit Robert). Dans le petit livre \u00ab\u00a0Qu&rsquo;apprend-on \u00e0 l&rsquo;\u00e9cole maternelle?\u00a0\u00bb (CNDP 2002), on peut lire: \u00ab\u00a0D\u00e8s qu&rsquo;ils deviennent capables d&rsquo;une pens\u00e9e symbolique et gr\u00e2ce aux interventions verbales des adultes, les enfants d\u00e9couvrent le &hellip; <a href=\"https:\/\/mireillebrigaudiot.info\/index.php\/dessin\/\" class=\"more-link\">Continuer la lecture de <span class=\"screen-reader-text\">Dessin<\/span><\/a><\/p>\n","protected":false},"author":1,"featured_media":0,"parent":0,"menu_order":0,"comment_status":"closed","ping_status":"closed","template":"","meta":[],"_links":{"self":[{"href":"https:\/\/mireillebrigaudiot.info\/index.php\/wp-json\/wp\/v2\/pages\/1705"}],"collection":[{"href":"https:\/\/mireillebrigaudiot.info\/index.php\/wp-json\/wp\/v2\/pages"}],"about":[{"href":"https:\/\/mireillebrigaudiot.info\/index.php\/wp-json\/wp\/v2\/types\/page"}],"author":[{"embeddable":true,"href":"https:\/\/mireillebrigaudiot.info\/index.php\/wp-json\/wp\/v2\/users\/1"}],"replies":[{"embeddable":true,"href":"https:\/\/mireillebrigaudiot.info\/index.php\/wp-json\/wp\/v2\/comments?post=1705"}],"version-history":[{"count":7,"href":"https:\/\/mireillebrigaudiot.info\/index.php\/wp-json\/wp\/v2\/pages\/1705\/revisions"}],"predecessor-version":[{"id":2942,"href":"https:\/\/mireillebrigaudiot.info\/index.php\/wp-json\/wp\/v2\/pages\/1705\/revisions\/2942"}],"wp:attachment":[{"href":"https:\/\/mireillebrigaudiot.info\/index.php\/wp-json\/wp\/v2\/media?parent=1705"}],"curies":[{"name":"wp","href":"https:\/\/api.w.org\/{rel}","templated":true}]}}