{"id":3018,"date":"2025-10-10T14:10:46","date_gmt":"2025-10-10T14:10:46","guid":{"rendered":"https:\/\/mireillebrigaudiot.info\/?page_id=3018"},"modified":"2025-10-31T14:10:14","modified_gmt":"2025-10-31T14:10:14","slug":"une-annee-en-ms-hors-rep","status":"publish","type":"page","link":"https:\/\/mireillebrigaudiot.info\/index.php\/une-annee-en-ms-hors-rep\/","title":{"rendered":"Une ann\u00e9e en MS hors REP"},"content":{"rendered":"\n<p class=\"has-text-align-left\">On trouvera ici un exemple de ce que peuvent vivre les enfants d&rsquo;une moyenne section pendant leur ann\u00e9e scolaire. La classe \u00e0 laquelle je fais r\u00e9f\u00e9rence \u00e9tait dans un milieu dit \u00ab\u00a0favoris\u00e9\u00a0\u00bb mais je ne doute pas une seconde qu&rsquo;une classe de REP+ pourrait avoir le m\u00eame parcours. Il suffirait d&rsquo;adapter les contenus des situations \u00e9voqu\u00e9es aux int\u00e9r\u00eats d&rsquo;autres enfants. Je suis claire sur cette question: les enfants de milieux tr\u00e8s d\u00e9favoris\u00e9s sont les m\u00eames enfants que ceux de milieux favoris\u00e9s si l&rsquo;on veut bien les consid\u00e9rer avec leurs capacit\u00e9s cognitives \u00e9poustouflantes. Leur diff\u00e9rence est qu&rsquo;en REP+, ils n&rsquo;ont pas l&rsquo;habitude d&rsquo;avoir des adultes qui les encouragent \u00e0 ces activit\u00e9s de r\u00e9flexion. De mon point de vue, c&rsquo;est pour \u00e7a qu&rsquo;on a invent\u00e9 l&rsquo;<strong>\u00e9ducation prioritaire<\/strong>. Pour apporter \u00e0 ses enfants ce qui leur a fait d\u00e9faut durant des ann\u00e9es de vie trop difficile. <br>Je vais faire ici un relev\u00e9 de ce qu&rsquo;une ma\u00eetresse de MS a mis en place pour viser <mark style=\"background-color:rgba(0, 0, 0, 0)\" class=\"has-inline-color has-medium-pink-color\"><strong>les objectifs du langage \u00e9crit<\/strong><\/mark>: d\u00e9couvrir ce que l&rsquo;\u00e9crit provoque <strong><mark style=\"background-color:rgba(0, 0, 0, 0)\" class=\"has-inline-color has-medium-pink-color\">quand on le re\u00e7oit<\/mark><\/strong>, d\u00e9couvrir ce qui nous fait choisir l&rsquo;\u00e9crit <strong><mark style=\"background-color:rgba(0, 0, 0, 0)\" class=\"has-inline-color has-medium-pink-color\">quand on le produit<\/mark><\/strong>, d\u00e9couvrir comment fonctionne <strong><mark style=\"background-color:rgba(0, 0, 0, 0)\" class=\"has-inline-color has-medium-pink-color\">le code \u00e9crit<\/mark><\/strong> qui caract\u00e9rise notre langue. Ce sont les objectifs 5, 6, 7, 8 et 9 des Programmes 2015 et 2021 que je reprends dans Langage et \u00e9cole maternelle, Hatier 2022.<br>       &#8211;&gt; Caract\u00e9ristiques des objectifs relatifs \u00e0 l&rsquo;\u00e9crit<br>Les innombrables recherches dans ce domaine, g\u00e9n\u00e9ralement int\u00e9gr\u00e9es \u00e0 un champ baptis\u00e9 \u00ab\u00a0litt\u00e9ratie \u00e9mergente\u00a0\u00bb (traduction de \u00ab\u00a0emergent litteracy\u00a0\u00bb des anglo-saxons), renvoient aux <strong><mark style=\"background-color:rgba(0, 0, 0, 0)\" class=\"has-inline-color has-medium-pink-color\">utilisations qu&rsquo;ont les adultes de l&rsquo;\u00e9crit <\/mark><\/strong>en tant que modalit\u00e9s langagi\u00e8res. Il a fallu en effet des ann\u00e9es aux chercheurs pour comprendre que les jeunes enfants s&rsquo;int\u00e9ressaient , non pas aux objets de l&rsquo;\u00e9crit (des mots et des lettres), mais aux effets que l&rsquo;\u00e9crit produisait sur soi et sur autrui. Ceci est fondamental.<br>   &#8211;&gt; Quelles utilisations de l&rsquo;\u00e9crit?<br>Il m&rsquo;a aussi fallu des ann\u00e9es pour s\u00e9lectionner, parmi tous les usages de l&rsquo;\u00e9crit que font les adultes <mark style=\"background-color:rgba(0, 0, 0, 0)\" class=\"has-inline-color has-medium-pink-color\"><strong>en France, de nos jours<\/strong><\/mark>, les usages qui int\u00e9ressaient le plus les enfants et les aider le plus \u00e0 faire des d\u00e9couvertes. On a affaire ici \u00e0 des donn\u00e9es culturelles: ce que nous faisons, nous, de l&rsquo;\u00e9crit, ne ressemble pas \u00e0 ce qu&rsquo;en font d&rsquo;autres populations dans le monde. C&rsquo;est m\u00eame diff\u00e9rent de ce qu&rsquo;en font des groupes sociaux qui nous ressemblent. Je prends un exemple: dans les recherches australiennes passionnantes que j&rsquo;ai lues, les enseignants du pr\u00e9scolaire utilisent \u00e9norm\u00e9ment les listes de courses: quand elles sont produites par un parent, quand elles sont utilis\u00e9es en lecture dans le magasin, quand elles sont v\u00e9rifi\u00e9es par le parent avant de passer \u00e0 la caisse. Tout simplement parce que la coutume du passage hebdomadaire au grand supermarch\u00e9 est omnipr\u00e9sente dans ce pays. En revanche, peu d&rsquo;enfants en France assistent \u00e0 la production de listes de courses. Autre exemple: de tr\u00e8s tr\u00e8s nombreux articles de recherche soulignent le fait que l&rsquo;\u00e9crit qui int\u00e9resse TOUS les enfants, quel que soit le pays d&rsquo;o\u00f9 ils viennent, c&rsquo;est leur pr\u00e9nom. Je l&rsquo;ai donc gard\u00e9, explor\u00e9, exploit\u00e9 pendant des ann\u00e9es avec les enseignants.<br>C&rsquo;est ainsi que je suis arriv\u00e9e \u00e0 cette s\u00e9lection d&rsquo;utilisation de supports pour certains objectifs. C&rsquo;est le tableau de la page 156 de mon livre: <\/p>\n\n\n\n<figure class=\"wp-block-image size-full\"><img decoding=\"async\" loading=\"lazy\" width=\"640\" height=\"480\" src=\"http:\/\/mireillebrigaudiot.info\/wp-content\/uploads\/2025\/10\/IMG_5006-rotated.jpg\" alt=\"\" class=\"wp-image-3035\" srcset=\"https:\/\/mireillebrigaudiot.info\/wp-content\/uploads\/2025\/10\/IMG_5006-rotated.jpg 640w, https:\/\/mireillebrigaudiot.info\/wp-content\/uploads\/2025\/10\/IMG_5006-300x225.jpg 300w\" sizes=\"(max-width: 640px) 100vw, 640px\" \/><\/figure>\n\n\n\n<p>On comprendra que les enfants (analphab\u00e8tes!!) vont d\u00e9couvrir \u00e0 travers les usages de ces \u00e9crits des choses TRES DIFFERENTES: par exemple objectif 5, quand ils \u00e9coutent une histoire lue par la ma\u00eetresse, ils pensent parfois \u00e0 des sc\u00e8nes de leur propre vie, \u00e7a alors!!!! objectif 6, quand la ma\u00eetresse cherche dans le calendrier l\u00e0 o\u00f9 elle a \u00e9crit mon pr\u00e9nom, elle me dit que je vais souffler les bougies, \u00e7a alors!!!! etc.<br><strong>C&rsquo;est donc l&rsquo;ensemble de ces usages, utilis\u00e9s durant 3 ann\u00e9es d&rsquo;\u00e9cole maternelle et selon des fr\u00e9quences diff\u00e9rentes, qui va avoir un effet.<\/strong><br>Un tableau r\u00e9capitule les fr\u00e9quences d&rsquo;utilisation durant le cycle maternelle, page 246:<\/p>\n\n\n\n<figure class=\"wp-block-image size-full is-resized\"><img decoding=\"async\" loading=\"lazy\" src=\"http:\/\/mireillebrigaudiot.info\/wp-content\/uploads\/2025\/10\/frequences-rotated.jpg\" alt=\"\" class=\"wp-image-3040\" width=\"352\" height=\"264\" srcset=\"https:\/\/mireillebrigaudiot.info\/wp-content\/uploads\/2025\/10\/frequences-rotated.jpg 640w, https:\/\/mireillebrigaudiot.info\/wp-content\/uploads\/2025\/10\/frequences-300x225.jpg 300w\" sizes=\"(max-width: 352px) 100vw, 352px\" \/><\/figure>\n\n\n\n<p><em>L\u00e9gende de la fr\u00e9quence approximative<\/em><br>Un +&nbsp;: environ une fois par trimestre<br>Deux +&nbsp;: environ une fois par mois<br>Trois +&nbsp;: chaque jour ou presque<br>Quatre +&nbsp;: chaque jour<\/p>\n\n\n\n<p>Plus les enfants grandissent plus les \u00ab\u00a0exp\u00e9riences\u00a0\u00bb d&rsquo;usages d&rsquo;\u00e9crits  vont \u00eatre nombreuses et vari\u00e9es. Par exemple en MS, c&rsquo;est la bonne ann\u00e9e pour montrer aux enfants les effets des lectures d&rsquo;histoire (ce qu&rsquo;on appelle aussi \u00ab\u00a0compr\u00e9hension\u00a0\u00bb), et utiliser assez souvent ce qui est \u00ab\u00a0messages \u00e9crits\u00a0\u00bb pour montrer l&rsquo;int\u00e9r\u00eat de leur \u00e9criture. Et on n&rsquo;oublie pas de faire plus souvent des d\u00e9monstrations du code devant les enfants afin qu&rsquo;ils d\u00e9couvrent le pouvoir que \u00e7a va leur donner. <br><br>Par ailleurs, je n&rsquo;oublie pas que les enfants ont aussi besoin d&rsquo;<strong>un autre apprentissage n&rsquo;appartenant pas au langage mais qui va alimenter les d\u00e9couvertes langagi\u00e8res de l&rsquo;\u00e9crit: c&rsquo;est l&rsquo;activit\u00e9 graphique<\/strong>. <br>En effet, l&rsquo;activit\u00e9 graphique s&rsquo;apprend gr\u00e2ce \u00e0 une r\u00e9gularit\u00e9 et une fr\u00e9quence d&rsquo;activit\u00e9s qui conduise \u00e0 une dext\u00e9rit\u00e9 motrice. Sauf que, ce contr\u00f4le des trac\u00e9s que l&rsquo;on vise permet aussi 2 grandes conqu\u00eates, <br>&#8211; d&rsquo;une part une repr\u00e9sentation juste de ce qu&rsquo;est un <mark style=\"background-color:rgba(0, 0, 0, 0)\" class=\"has-inline-color has-medium-pink-color\">symbole<\/mark> <mark style=\"background-color:rgba(0, 0, 0, 0)\" class=\"has-inline-color has-medium-pink-color\">visuel<\/mark>, c&rsquo;est-\u00e0-dire une forme sans rapport direct avec un objet du r\u00e9el et qui, pourtant, renvoie \u00e0 quelque chose du r\u00e9el pour toutes les personnes appartenant \u00e0 un m\u00eame groupe social. C&rsquo;est le cas d&rsquo;un <mark style=\"background-color:rgba(0, 0, 0, 0)\" class=\"has-inline-color has-medium-pink-color\">dessin st\u00e9r\u00e9otype<\/mark> car tous les adultes reconnaissent le m\u00eame objet en le regardant ;<br>&#8211; d&rsquo;autre part une repr\u00e9sentation juste de ce qu&rsquo;est un <mark style=\"background-color:rgba(0, 0, 0, 0)\" class=\"has-inline-color has-medium-pink-color\">symbole auditif<\/mark>, c&rsquo;est-\u00e0-dire un son sans rapport direct avec un objet du r\u00e9el et qui, pourtant, renvoie \u00e0 quelque chose du r\u00e9el pour toutes les personnes appartenant \u00e0 un m\u00eame groupe social. C&rsquo;est le cas des <mark style=\"background-color:rgba(0, 0, 0, 0)\" class=\"has-inline-color has-medium-pink-color\">phonogrammes<\/mark> ou signes \u00e9crits correspondant aux phon\u00e8mes et groupe de phon\u00e8mes qui sont les unit\u00e9s d&rsquo;une langue. Et seule l&rsquo;\u00e9criture cursive symbolise cette suite phonogrammique dans un \u00e9crit.<br>Il me faut donc ajouter la <strong>fr\u00e9quence de ces activit\u00e9s graphiques<\/strong>,  pour aller vers le dessin et pour aller vers l&rsquo;\u00e9criture en attach\u00e9:<br>&#8211; d\u00e8s la PS, plusieurs fois par trimestre<br>&#8211; en MS, chaque semaine et en fin d&rsquo;ann\u00e9e chaque jour<br>&#8211; en GS, chaque jour.<br><br>Je donnerai des exemples dans ce feuilleton.<br><\/p>\n\n\n\n<p>Pour suivre le feuilleton :<br><br>en septembre\/octobre, <a href=\"https:\/\/mireillebrigaudiot.info\/index.php\/une-annee-en-ms-hors-rep-sept-oct\/\" data-type=\"page\" data-id=\"3086\">cliquez ici<\/a><br>en novembre\/d\u00e9cembre,\u00a0<a href=\"https:\/\/mireillebrigaudiot.info\/index.php\/une-annee-en-ms-hors-rep-nov-dec\/\" data-type=\"page\" data-id=\"3088\">cliquez ici<\/a><br>en janvier\/f\u00e9vrier,\u00a0<a href=\"https:\/\/mireillebrigaudiot.info\/index.php\/une-annee-en-ms-hors-rep-janv-fev\/\" data-type=\"page\" data-id=\"3090\">cliquez ici<\/a><br>en mars\/avril,\u00a0<a href=\"https:\/\/mireillebrigaudiot.info\/index.php\/une-annee-en-ms-hors-rep-mars-avr\/\" data-type=\"page\" data-id=\"3092\">cliquez ici<\/a><br>en mai\/juin,\u00a0<a href=\"https:\/\/mireillebrigaudiot.info\/index.php\/une-annee-en-ms-hors-rep-mai-juin\/\" data-type=\"page\" data-id=\"3094\">cliquez ici<\/a><br><\/p>\n","protected":false},"excerpt":{"rendered":"<p>On trouvera ici un exemple de ce que peuvent vivre les enfants d&rsquo;une moyenne section pendant leur ann\u00e9e scolaire. La classe \u00e0 laquelle je fais r\u00e9f\u00e9rence \u00e9tait dans un milieu dit \u00ab\u00a0favoris\u00e9\u00a0\u00bb mais je ne doute pas une seconde qu&rsquo;une classe de REP+ pourrait avoir le m\u00eame parcours. Il suffirait d&rsquo;adapter les contenus des situations &hellip; <a href=\"https:\/\/mireillebrigaudiot.info\/index.php\/une-annee-en-ms-hors-rep\/\" class=\"more-link\">Continuer la lecture de <span class=\"screen-reader-text\">Une ann\u00e9e en MS hors REP<\/span><\/a><\/p>\n","protected":false},"author":1,"featured_media":0,"parent":0,"menu_order":0,"comment_status":"closed","ping_status":"closed","template":"","meta":[],"_links":{"self":[{"href":"https:\/\/mireillebrigaudiot.info\/index.php\/wp-json\/wp\/v2\/pages\/3018"}],"collection":[{"href":"https:\/\/mireillebrigaudiot.info\/index.php\/wp-json\/wp\/v2\/pages"}],"about":[{"href":"https:\/\/mireillebrigaudiot.info\/index.php\/wp-json\/wp\/v2\/types\/page"}],"author":[{"embeddable":true,"href":"https:\/\/mireillebrigaudiot.info\/index.php\/wp-json\/wp\/v2\/users\/1"}],"replies":[{"embeddable":true,"href":"https:\/\/mireillebrigaudiot.info\/index.php\/wp-json\/wp\/v2\/comments?post=3018"}],"version-history":[{"count":14,"href":"https:\/\/mireillebrigaudiot.info\/index.php\/wp-json\/wp\/v2\/pages\/3018\/revisions"}],"predecessor-version":[{"id":3098,"href":"https:\/\/mireillebrigaudiot.info\/index.php\/wp-json\/wp\/v2\/pages\/3018\/revisions\/3098"}],"wp:attachment":[{"href":"https:\/\/mireillebrigaudiot.info\/index.php\/wp-json\/wp\/v2\/media?parent=3018"}],"curies":[{"name":"wp","href":"https:\/\/api.w.org\/{rel}","templated":true}]}}