{"id":3088,"date":"2025-10-31T14:04:22","date_gmt":"2025-10-31T14:04:22","guid":{"rendered":"https:\/\/mireillebrigaudiot.info\/?page_id=3088"},"modified":"2025-11-28T15:47:54","modified_gmt":"2025-11-28T15:47:54","slug":"une-annee-en-ms-hors-rep-nov-dec","status":"publish","type":"page","link":"https:\/\/mireillebrigaudiot.info\/index.php\/une-annee-en-ms-hors-rep-nov-dec\/","title":{"rendered":"Une ann\u00e9e en MS hors REP &#8211; nov\/dec"},"content":{"rendered":"\n<h2 class=\"wp-block-heading\">Objectif 5<\/h2>\n\n\n\n<p>Apr\u00e8s les aventures des 2 personnages qui aime\/ n&rsquo;aime pas en septembre &#8211; octobre, les 2 histoires suivantes vont continuer l&rsquo;\u00e9vocation de la <strong><mark style=\"background-color:rgba(0, 0, 0, 0)\" class=\"has-inline-color has-medium-pink-color\">nourriture<\/mark><\/strong>:<br>&#8211; <em>Je mangerais bien un enfant<\/em>, Sylviane Donnio, Doroth\u00e9e de Monfreid, l&rsquo;\u00e9cole des loisirs<br>&#8211; <em>Je mangerais bien une souris<\/em>!, Claude Boujon, l&rsquo;\u00e9cole des loisirs.<br>Mais malgr\u00e9 la ressemblance des titres, ces 2 histoires sont tr\u00e8s diff\u00e9rentes dans ce qu&rsquo;elles mobilisent comme compr\u00e9hension. L&rsquo;histoire 1, de l&rsquo;enfant crocodile Achille, est tr\u00e8s proche de <em>Bon app\u00e9tit Monsieur lapin<\/em>: un personnage d\u00e9cide de ne plus manger ce qui le nourrit d&rsquo;habitude et va tester diff\u00e9rentes nourritures. C&rsquo;est donc <strong><mark style=\"background-color:rgba(0, 0, 0, 0)\" class=\"has-inline-color has-medium-pink-color\">un j&rsquo;aime \/ j&rsquo;aime pas.<\/mark><\/strong><br>L&rsquo;histoire 2 pr\u00e9sente le chat Nono qui somnole. Ce demi-sommeil est tr\u00e8s important car tout ce qu&rsquo;il va \u00ab\u00a0voir\u00a0\u00bb jusqu&rsquo;\u00e0 son r\u00e9veil en fin d&rsquo;histoire, n&rsquo;est qu&rsquo;invention et r\u00eave. Pour les ma\u00eetresses qui voudraient essayer de faire quelque chose de difficile mais de passionnant, on peut imaginer qu&rsquo;apr\u00e8s toutes les explications de l&rsquo;histoire et des illustrations, apr\u00e8s s&rsquo;\u00eatre assur\u00e9 que tous les enfants ont bien <strong>saisi la pens\u00e9e du chat qui voit des choses dans sa t\u00eate<\/strong>, elles peuvent en profiter. Par exemple, en fin de motricit\u00e9, on va se reposer un peu, on s&rsquo;assoit ou on s&rsquo;allonge, on ferme les yeux et on dit \u00ab\u00a0tiens on va faire comme Nono le chat qui essaie de penser \u00e0 une souris, \u00e0 qui on va essayer de penser, nous? peut-\u00eatre \u00e0 un gros hippopotame, allez on regarde dans sa t\u00eate\u00a0\u00bb. Puis quelques minutes apr\u00e8s, on peut dire aux enfants, \u00ab\u00a0moi je n&rsquo;ai pas r\u00e9ussi est-ce qu&rsquo;il y a des enfants qui ont vu quelque chose dans leur t\u00eate?\u00a0\u00bb&#8230;<br><strong><mark style=\"background-color:rgba(0, 0, 0, 0)\" class=\"has-inline-color has-medium-pink-color\">C&rsquo;est un d\u00e9but de la conscience de la pens\u00e9e en images qui est en jeu.<\/mark><\/strong><\/p>\n\n\n\n<h2 class=\"wp-block-heading\">Objectif 6<\/h2>\n\n\n\n<p>Durant un regroupement, M dit aux enfants qu&rsquo;elle devra \u00e9crire aux parents pour trouver des accompagnateurs. La surprise est que la classe ira <strong>au march\u00e9 avec la liste des tout ce qu&rsquo;il faut pour faire le g\u00e2teau<\/strong> de C\u00f4me qui a 4 ans.<br>Et C\u00f4me r\u00e9pond: <em>ma maman elle voudra nous accompagner <\/em><br>Alors M \u00e9crit le message devant les enfants.<br>Et ils recevront la r\u00e9ponse. <\/p>\n\n\n\n<figure class=\"wp-block-image size-full\"><img decoding=\"async\" loading=\"lazy\" width=\"240\" height=\"320\" src=\"http:\/\/mireillebrigaudiot.info\/wp-content\/uploads\/2025\/11\/messagenov-e1764247204331.jpg\" alt=\"\" class=\"wp-image-3232\" srcset=\"https:\/\/mireillebrigaudiot.info\/wp-content\/uploads\/2025\/11\/messagenov-e1764247204331.jpg 240w, https:\/\/mireillebrigaudiot.info\/wp-content\/uploads\/2025\/11\/messagenov-e1764247204331-225x300.jpg 225w\" sizes=\"(max-width: 240px) 100vw, 240px\" \/><\/figure>\n\n\n\n<p> <\/p>\n\n\n\n<h2 class=\"wp-block-heading\">Objectif 7<\/h2>\n\n\n\n<p>Le texte r\u00e9dig\u00e9 ce mois-ci est une suite des textes pr\u00e9c\u00e9dents: il va se pr\u00e9senter sous forme de liste, c&rsquo;est-\u00e0-dire avec des mots \u00e9crits en colonne. La diff\u00e9rence avec ce qui se fait d&rsquo;habitude en maternelle, c&rsquo;est que M ne va pas lire un texte tout fait. Elle va profiter de l&rsquo;anniversaire de C\u00f4me (voir objectif pr\u00e9c\u00e9dent) pour penser, organiser, compl\u00e9ter, corriger, lire et relire un texte (= un produit langagier) qui conviendra parfaitement \u00e0 son but: aller au march\u00e9 acheter tout ce qui est sur la liste, puis faire le g\u00e2teau et le r\u00e9ussir. Toute cette r\u00e9daction se fera en petits ateliers qui progresseront peu \u00e0 peu, toujours avec les enfants ET M.<br>Grande feuille de papier verticale face aux enfants.<br>M &#8211;<em> je vais faire un brouillon de la liste de tout ce qu&rsquo;on va acheter pour faire le g\u00e2teau d&rsquo;anniversaire de C\u00f4me. le brouillon, \u00e7a veut dire que je peux me tromper, je peux barre, je peux ajouter ou enlever.C&rsquo;est \u00e0 la fin que je le copierai proprement.<br>Alors vous me dites ce que vous croyez qu&rsquo;il nous faut.<\/em><br>Laurice &#8211; <em>du chocolat<\/em><br>M &#8211; <em>alors j&rsquo;\u00e9cris du cho, co, lat<\/em><br>Pablo &#8211; <em>des trucs  en couleur<\/em><br>Victoria &#8211; <em>des bonbons!<\/em><br>M &#8211; <em>oui on pourrait mettre des petits bonbons de couleur \u00e0 la fin, mais il faudrait d&rsquo;abord faire le g\u00e2teau. Avec quoi on fait un g\u00e2teau? <\/em><br>Enfant &#8211; <em>des oeufs<\/em><br>M &#8211; <em>des oeufs, bon, j&rsquo;\u00e9cris&#8230;<\/em><br>C&rsquo;est \u00e0 la fin d&rsquo;une liste impressionnante que M dira qu&rsquo;il faut garder juste ce dont a besoin et qu&rsquo;elle va le recopier dans l&rsquo;ordre o\u00f9 on utilisera tout \u00e7a. Cela lui permet de commencer par la farine en pr\u00e9cisant \u00ab\u00a0<em>c&rsquo;est le plus important pour faire un g\u00e2teau, on la met dans le saladier au d\u00e9but<\/em>\u00ab\u00a0.<br>Et cela pr\u00e9pare la compr\u00e9hension de <em>Roule-galette <\/em>le mois prochain et de <em>La toute petite dame<\/em>, le mois suivant.<\/p>\n\n\n\n<h2 class=\"wp-block-heading\">Objectif 8<\/h2>\n\n\n\n<p>M continue de sauter sur des occasions pour \u00ab\u00a0bruiter\u00a0\u00bb certains mots. Une occasion est un moment o\u00f9 les enfants entendent &#8211; re-entendent des \u00e9nonc\u00e9s connus parce que d\u00e9j\u00e0 beaucoup travaill\u00e9s et en contexte. <br>Ici, \u00e0 la fin de la lecture de la liste d&rsquo;achats \u00e0 emporter au march\u00e9, elle la relit le matin en ajoutant<br>&#8211; <em> je vais vous montrer comment j&rsquo;ai fait pour \u00e9crire ce mot, chocolat c&rsquo;est un mot rigolo. Cho, ko, la, on entend 3 morceaux dans le mot. Le premier c&rsquo;est \u00ab\u00a0cho\u00a0\u00bb, \u00e7a s&rsquo;\u00e9crit \u00ab\u00a0ch\u00a0\u00bb C et H et O. Voil\u00e0, j&rsquo;ai \u00e9crit \u00ab\u00a0cho. J&rsquo;ajoute \u00ab\u00a0co\u00a0\u00bb, comme C\u00d4me, comme COlette, comme \u00ab\u00a0Coller\u00a0\u00bb, \u00e7a s&rsquo;\u00e9crit C et O. Voil\u00e0<\/em> (suit du doigt) <em>j&rsquo;ai \u00e9crit cho-co. Vous croyez que c&rsquo;est fini? Et non! il manque \u00ab\u00a0la\u00a0\u00bb, comme la maison, la musique, Lamia, \u00e7a s&rsquo;\u00e9crit L et A. je relis tout. Chocolat. Bient\u00f4t vous pourrez tout \u00e9crire vous aussi.<\/em><br>&#8212;&#8212;&#8212;&#8212;&#8212;&#8212;&#8212;&#8212;&#8212;&#8212;&#8212;&#8212;&#8212;&#8212;&#8212;&#8212;&#8212;&#8212;&#8211;<\/p>\n\n\n\n<p class=\"has-dark-gray-color has-white-background-color has-text-color has-background\">M pr\u00e9sente un grand <strong>calendrier <\/strong>pour montrer les jours et le mois. Elle explique que chaque matin, un enfant \u00e9crira des chose dessus pour se rappeler.<br>Ainsi vont \u00eatre not\u00e9s: les vacances et les anniversaires.<br>Et chaque matin M montre sur le calendrier o\u00f9 on en est: \u00ab\u00a0<em>c&rsquo;est le temps qui passe, le calendrier<\/em>\u00ab\u00a0. Un enfant barre le ou les jours pass\u00e9s.<br>Une fois que les enfants sont habitu\u00e9s, elle annonce que chaque jour, elle \u00e9crira<strong> la date<\/strong> au tableau.<br>Et elle \u00e9crit en cursive!!!<br>Puis, de temps en temps, elle va bruiter un des 2 mots en pr\u00e9cisant si c&rsquo;est le jour ou le mois.<br>Il lui arrive de rapprocher le nom d&rsquo;un jour et un pr\u00e9nom: \u00ab\u00a0d\u00e9cembre\u00a0\u00bb, \u00ab\u00a0Duram\u00a0\u00bb, \u00ab\u00a0d:\u00a0\u00bb, \u00ab\u00a0d\u00e9\u00a0\u00bb, \u00ab\u00a0du\u00a0\u00bb, comme \u00ab\u00a0dodo\u00a0\u00bb, comme \u00ab\u00a0dada\u00a0\u00bb.<br><br><strong><mark style=\"background-color:rgba(0, 0, 0, 0)\" class=\"has-inline-color has-medium-pink-color\">Ici encore c&rsquo;est M qui met les syllabes et les phon\u00e8mes en relief, dans la cha\u00eene sonore, et sans rien demander aux enfants.<br>La d\u00e9couverte du principe alphab\u00e9tique d\u00e9pend de toutes ces exp\u00e9riences, tr\u00e8s courtes mais fr\u00e9quentes.<\/mark><\/strong><\/p>\n\n\n\n<h2 class=\"wp-block-heading\">Graphisme<\/h2>\n\n\n\n<p>On a vu comment M a mis en route de tr\u00e8s nombreuses activit\u00e9s relatives au <strong><mark style=\"background-color:rgba(0, 0, 0, 0)\" class=\"has-inline-color has-medium-pink-color\">dessin st\u00e9r\u00e9otyp\u00e9 du bonhomme<\/mark><\/strong>. De telles activit\u00e9s ne sont pas des activit\u00e9s purement graphiques MAIS elles les rencontrent car il faut avoir l&rsquo;habilet\u00e9 des trac\u00e9s ET la repr\u00e9sentation mentale de ce qu&rsquo;est un dessin partag\u00e9. On est donc ici sur une <strong>zone tr\u00e8s complexe pour un enfant puisqu&rsquo;il doit mobiliser simultan\u00e9ment du cognitif, du sensoriel, du moteur, et de la coordination<\/strong>.<br>En novembre &#8211; d\u00e9cembre, M continue et affine cet enseignement.<br><br>Par exemple, en profitant de l&rsquo;histoire <em><strong>Je mangerais bien une souris<\/strong><\/em> (voit objectif 5 ici), elle va travailler en ateliers \u00e9tal\u00e9s sur plusieurs jours afin de rester avec des petits groupes d&rsquo;enfants chaque jour. Elles leur donnent une grande boite remplie de papiers d\u00e9coup\u00e9s.<br>M &#8211; <em>alors voil\u00e0 le travail int\u00e9ressant que je vous ai pr\u00e9par\u00e9. Dans cette bo\u00eete il y a des morceaux de papiers que j&rsquo;ai d\u00e9coup\u00e9s: <\/em>(elle montre)  <em>des gros et des petits, des ronds, des b\u00e2tons, des triangles. Et vous vous souvenez du chat Nono qui voulait manger une souris<\/em>\/<br>Plusieurs enfants &#8211; <em>on va faire pareil!!!<\/em><\/p>\n\n\n\n<figure class=\"wp-block-image size-full\"><img decoding=\"async\" loading=\"lazy\" width=\"480\" height=\"640\" src=\"http:\/\/mireillebrigaudiot.info\/wp-content\/uploads\/2025\/11\/Nono1-1-rotated.jpg\" alt=\"\" class=\"wp-image-3219\" srcset=\"https:\/\/mireillebrigaudiot.info\/wp-content\/uploads\/2025\/11\/Nono1-1-rotated.jpg 480w, https:\/\/mireillebrigaudiot.info\/wp-content\/uploads\/2025\/11\/Nono1-1-225x300.jpg 225w\" sizes=\"(max-width: 480px) 100vw, 480px\" \/><\/figure>\n\n\n\n<figure class=\"wp-block-gallery has-nested-images columns-default is-cropped wp-block-gallery-1 is-layout-flex\">\n<figure class=\"wp-block-image size-large\"><img decoding=\"async\" loading=\"lazy\" width=\"480\" height=\"640\" data-id=\"3222\"  src=\"https:\/\/mireillebrigaudiot.info\/wp-content\/uploads\/2025\/11\/Nono2-3-rotated.jpg\" alt=\"\" class=\"wp-image-3222\" srcset=\"https:\/\/mireillebrigaudiot.info\/wp-content\/uploads\/2025\/11\/Nono2-3-rotated.jpg 480w, https:\/\/mireillebrigaudiot.info\/wp-content\/uploads\/2025\/11\/Nono2-3-225x300.jpg 225w\" sizes=\"(max-width: 480px) 100vw, 480px\" \/><\/figure>\n<\/figure>\n\n\n\n<p><\/p>\n\n\n\n<p class=\"has-white-background-color has-background\">M f\u00e9licite les enfants et dit qu&rsquo;ils peuvent essayer de faire un bonhomme avec tous ces papiers: <em>\u00e7a vous apprend plein de choses si je suis l\u00e0 pour vous expliquer ce qu&rsquo;on voit sur les feuilles.<\/em> <\/p>\n\n\n\n<p class=\"has-bright-blue-background-color has-background\"><strong>Remarque: les feuilles de travail pour coller un r\u00e9sultat final sont des feuilles de couleur pour qu&rsquo;il y ait contraste avec tous les morceaux d\u00e9coup\u00e9s blancs. La reconnaissance de formes n&rsquo;en est qu&rsquo;\u00e0 ses d\u00e9buts chez les 4 ans et le contraste fond-formes est une aide puissante.<\/strong><\/p>\n\n\n\n<p>Et le but n&rsquo;est pas du tout d&rsquo;obtenir des bonshommes qui se ressemblent. Car on le sait, le dessin repr\u00e9sentatif \u00e0 cet \u00e2ge n\u00e9cessite des repr\u00e9sentations internes qui ne se d\u00e9cr\u00e8tent pas. Ce sont les diff\u00e9rents apports de M -la ma\u00eetresse- qui va permettre aux enfants d&rsquo;y arriver peu \u00e0 peu.<\/p>\n\n\n\n<p>\u00e0 suivre pour les r\u00e9sultats<br>&#8212;&#8212;&#8212;&#8212;&#8212;&#8212;&#8212;&#8212;&#8212;&#8212;&#8212;&#8212;&#8212;&#8212;&#8212;&#8212;&#8212;&#8212;&#8212;&#8212;&#8212;&#8212;&#8212;&#8211;<br>D&rsquo;autres activit\u00e9s sont n\u00e9cessaires en ce d\u00e9but d&rsquo;ann\u00e9e pour pr\u00e9parer les activit\u00e9s graphiques. Ce sont <strong>les mots et signes qui renvoient \u00e0 des orientations spatiales<\/strong>. C&rsquo;est nouveau pour les enfants, il ne faut pas faire comme si c&rsquo;\u00e9tait des \u00e9vidences.<br>Parler, montrer l&rsquo;orientation des feuilles A4, \u00ab\u00a0debout\u00a0\u00bb, \u00ab\u00a0couch\u00e9e\u00a0\u00bb, en haut, en bas, sur un c\u00f4t\u00e9, sur un autre c\u00f4t\u00e9.<br>Montrer ce qu&rsquo;est une fl\u00e8che, d\u00e9coup\u00e9e dans du carton. La pointe qui montre. Suivre des parcours fl\u00e9ch\u00e9s en motricit\u00e9, suivre des parcours fl\u00e9ch\u00e9s sur une feuille.<br>Et toujours rappeler aux enfants que \u00e7a va leur servir \u00e0 apprendre \u00e0 \u00e9crire.<br>&#8212;&#8212;&#8212;&#8212;&#8212;&#8212;&#8212;&#8212;&#8212;&#8212;&#8212;&#8212;&#8212;&#8212;&#8212;&#8212;&#8212;&#8212;&#8212;&#8212;&#8212;&#8212;&#8212;-<br><strong>10 D\u00e9cembre: Evaluation du travail sur les pr\u00e9noms depuis le d\u00e9but de l&rsquo;ann\u00e9e<\/strong><br><em>Aujourd&rsquo;hui, j&rsquo;ai besoin de savoir o\u00f9 vous en \u00eates. Vous allez tous essayer d&rsquo;\u00e9crire votre pr\u00e9nom sur votre travail. Vous r\u00e9fl\u00e9chissez et vous vous appliquez, tout le monde peut essayer.<\/em><br>&#8211; 7 enfants refusent<br>&#8211; 8 enfants tracent leur pr\u00e9nom en capitales (appris \u00e0 la maison et\/ou dans la classe pr\u00e9c\u00e9dente)<br>&#8211; 5 enfants essaient de l&rsquo;\u00e9crire en cursive<br>M f\u00e9licite tous les enfants et dit qu&rsquo;elle est tr\u00e8s contente de leurs progr\u00e8s.<br>&#8212;&#8212;&#8212;&#8212;&#8212;&#8212;&#8212;&#8212;&#8212;&#8212;&#8212;&#8212;&#8212;&#8212;&#8212;&#8212;&#8212;&#8212;&#8212;&#8212;&#8212;-<\/p>\n\n\n\n<p><\/p>\n\n\n\n<p><\/p>\n\n\n\n<hr class=\"wp-block-separator has-alpha-channel-opacity\"\/>\n\n\n\n<p><\/p>\n\n\n\n<p>Pour suivre le feuilleton :<br><br>en septembre\/octobre, <a href=\"https:\/\/mireillebrigaudiot.info\/index.php\/une-annee-en-ms-hors-rep-sept-oct\/\" data-type=\"page\" data-id=\"3086\">cliquez ici<\/a><br>en novembre\/d\u00e9cembre,&nbsp;<a href=\"https:\/\/mireillebrigaudiot.info\/index.php\/une-annee-en-ms-hors-rep-nov-dec\/\" data-type=\"page\" data-id=\"3088\">cliquez ici<\/a><br>en janvier\/f\u00e9vrier,&nbsp;<a href=\"https:\/\/mireillebrigaudiot.info\/index.php\/une-annee-en-ms-hors-rep-janv-fev\/\" data-type=\"page\" data-id=\"3090\">cliquez ici<\/a><br>en mars\/avril,&nbsp;<a href=\"https:\/\/mireillebrigaudiot.info\/index.php\/une-annee-en-ms-hors-rep-mars-avr\/\" data-type=\"page\" data-id=\"3092\">cliquez ici<\/a><br>en mai\/juin,&nbsp;<a href=\"https:\/\/mireillebrigaudiot.info\/index.php\/une-annee-en-ms-hors-rep-mai-juin\/\" data-type=\"page\" data-id=\"3094\">cliquez ici<\/a><br><\/p>\n\n\n\n<figure class=\"wp-block-image\"><img alt=\"\"\/><\/figure>\n\n\n\n<figure class=\"wp-block-image\"><img alt=\"\"\/><\/figure>\n\n\n\n<figure class=\"wp-block-image\"><img alt=\"\"\/><\/figure>\n\n\n\n<figure class=\"wp-block-image\"><img alt=\"\"\/><\/figure>\n\n\n\n<figure class=\"wp-block-image\"><img alt=\"\"\/><\/figure>\n\n\n\n<figure class=\"wp-block-image\"><img alt=\"\"\/><\/figure>\n\n\n\n<figure class=\"wp-block-image\"><img alt=\"\"\/><\/figure>\n","protected":false},"excerpt":{"rendered":"<p>Objectif 5 Apr\u00e8s les aventures des 2 personnages qui aime\/ n&rsquo;aime pas en septembre &#8211; octobre, les 2 histoires suivantes vont continuer l&rsquo;\u00e9vocation de la nourriture:&#8211; Je mangerais bien un enfant, Sylviane Donnio, Doroth\u00e9e de Monfreid, l&rsquo;\u00e9cole des loisirs&#8211; Je mangerais bien une souris!, Claude Boujon, l&rsquo;\u00e9cole des loisirs.Mais malgr\u00e9 la ressemblance des titres, ces &hellip; <a href=\"https:\/\/mireillebrigaudiot.info\/index.php\/une-annee-en-ms-hors-rep-nov-dec\/\" class=\"more-link\">Continuer la lecture de <span class=\"screen-reader-text\">Une ann\u00e9e en MS hors REP &#8211; nov\/dec<\/span><\/a><\/p>\n","protected":false},"author":1,"featured_media":0,"parent":0,"menu_order":0,"comment_status":"closed","ping_status":"closed","template":"","meta":[],"_links":{"self":[{"href":"https:\/\/mireillebrigaudiot.info\/index.php\/wp-json\/wp\/v2\/pages\/3088"}],"collection":[{"href":"https:\/\/mireillebrigaudiot.info\/index.php\/wp-json\/wp\/v2\/pages"}],"about":[{"href":"https:\/\/mireillebrigaudiot.info\/index.php\/wp-json\/wp\/v2\/types\/page"}],"author":[{"embeddable":true,"href":"https:\/\/mireillebrigaudiot.info\/index.php\/wp-json\/wp\/v2\/users\/1"}],"replies":[{"embeddable":true,"href":"https:\/\/mireillebrigaudiot.info\/index.php\/wp-json\/wp\/v2\/comments?post=3088"}],"version-history":[{"count":20,"href":"https:\/\/mireillebrigaudiot.info\/index.php\/wp-json\/wp\/v2\/pages\/3088\/revisions"}],"predecessor-version":[{"id":3248,"href":"https:\/\/mireillebrigaudiot.info\/index.php\/wp-json\/wp\/v2\/pages\/3088\/revisions\/3248"}],"wp:attachment":[{"href":"https:\/\/mireillebrigaudiot.info\/index.php\/wp-json\/wp\/v2\/media?parent=3088"}],"curies":[{"name":"wp","href":"https:\/\/api.w.org\/{rel}","templated":true}]}}